CRAN Package Check Results for Package mousetrap

Last updated on 2020-12-31 00:46:51 CET.

Flavor Version Tinstall Tcheck Ttotal Status Flags
r-devel-linux-x86_64-debian-clang 3.1.5 121.59 101.06 222.65 OK
r-devel-linux-x86_64-debian-gcc 3.1.5 77.15 74.84 151.99 OK
r-devel-linux-x86_64-fedora-clang 3.1.5 305.82 NOTE
r-devel-linux-x86_64-fedora-gcc 3.1.5 263.62 OK
r-devel-windows-ix86+x86_64 3.1.5 263.00 194.00 457.00 NOTE
r-patched-linux-x86_64 3.1.5 90.15 91.79 181.94 OK
r-patched-solaris-x86 3.1.5 297.00 OK
r-release-linux-x86_64 3.1.5 91.22 95.05 186.27 OK
r-release-macos-x86_64 3.1.5 NOTE
r-release-windows-ix86+x86_64 3.1.5 264.00 162.00 426.00 NOTE
r-oldrel-macos-x86_64 3.1.5 NOTE
r-oldrel-windows-ix86+x86_64 3.1.5 194.00 148.00 342.00 OK

Check Details

Version: 3.1.5
Check: installed package size
Result: NOTE
     installed size is 6.3Mb
     sub-directories of 1Mb or more:
     data 2.0Mb
     libs 3.7Mb
Flavors: r-devel-linux-x86_64-fedora-clang, r-devel-windows-ix86+x86_64, r-release-macos-x86_64, r-release-windows-ix86+x86_64, r-oldrel-macos-x86_64