Last updated on 2020-12-31 00:46:51 CET.
Flavor | Version | Tinstall | Tcheck | Ttotal | Status | Flags |
---|---|---|---|---|---|---|
r-devel-linux-x86_64-debian-clang | 0.20.1 | 4.37 | 38.51 | 42.88 | OK | |
r-devel-linux-x86_64-debian-gcc | 0.20.1 | 3.11 | 30.05 | 33.16 | OK | |
r-devel-linux-x86_64-fedora-clang | 0.20.1 | 61.19 | NOTE | |||
r-devel-linux-x86_64-fedora-gcc | 0.20.1 | 50.22 | NOTE | |||
r-devel-windows-ix86+x86_64 | 0.20.1 | 8.00 | 62.00 | 70.00 | OK | |
r-patched-linux-x86_64 | 0.20.1 | 4.05 | 38.62 | 42.67 | OK | |
r-patched-solaris-x86 | 0.20.1 | 77.40 | NOTE | |||
r-release-linux-x86_64 | 0.20.1 | 3.96 | 38.02 | 41.98 | OK | |
r-release-macos-x86_64 | 0.20.1 | NOTE | ||||
r-release-windows-ix86+x86_64 | 0.20.1 | 7.00 | 53.00 | 60.00 | OK | |
r-oldrel-macos-x86_64 | 0.20.1 | NOTE | ||||
r-oldrel-windows-ix86+x86_64 | 0.20.1 | 6.00 | 52.00 | 58.00 | OK |
Version: 0.20.1
Check: data for non-ASCII characters
Result: NOTE
Note: found 7 marked UTF-8 strings
Flavors: r-devel-linux-x86_64-fedora-clang, r-devel-linux-x86_64-fedora-gcc, r-patched-solaris-x86, r-release-macos-x86_64, r-oldrel-macos-x86_64