Last updated on 2020-12-31 00:46:51 CET.
Flavor | Version | Tinstall | Tcheck | Ttotal | Status | Flags |
---|---|---|---|---|---|---|
r-devel-linux-x86_64-debian-clang | 0.5.1 | 11.92 | 110.91 | 122.83 | OK | |
r-devel-linux-x86_64-debian-gcc | 0.5.1 | 11.46 | 84.14 | 95.60 | OK | |
r-devel-linux-x86_64-fedora-clang | 0.5.1 | 156.97 | NOTE | |||
r-devel-linux-x86_64-fedora-gcc | 0.5.1 | 149.47 | NOTE | |||
r-devel-windows-ix86+x86_64 | 0.5.1 | 31.00 | 128.00 | 159.00 | OK | |
r-patched-linux-x86_64 | 0.5.1 | 8.57 | 102.34 | 110.91 | OK | |
r-patched-solaris-x86 | 0.5.1 | 216.30 | NOTE | |||
r-release-linux-x86_64 | 0.5.1 | 8.46 | 101.98 | 110.44 | OK | |
r-release-macos-x86_64 | 0.5.1 | NOTE | ||||
r-release-windows-ix86+x86_64 | 0.5.1 | 30.00 | 110.00 | 140.00 | OK | |
r-oldrel-macos-x86_64 | 0.5.1 | NOTE | ||||
r-oldrel-windows-ix86+x86_64 | 0.5.1 | 17.00 | 96.00 | 113.00 | OK |
Version: 0.5.1
Check: dependencies in R code
Result: NOTE
Namespaces in Imports field not imported from:
‘ggformula’ ‘magrittr’ ‘rlang’
All declared Imports should be used.
Flavors: r-devel-linux-x86_64-fedora-clang, r-devel-linux-x86_64-fedora-gcc, r-patched-solaris-x86, r-release-macos-x86_64, r-oldrel-macos-x86_64