Last updated on 2020-12-31 00:46:50 CET.
Flavor | Version | Tinstall | Tcheck | Ttotal | Status | Flags |
---|---|---|---|---|---|---|
r-devel-linux-x86_64-debian-clang | 0.4 | 32.15 | 93.11 | 125.26 | OK | |
r-devel-linux-x86_64-debian-gcc | 0.4 | 26.87 | 69.16 | 96.03 | OK | |
r-devel-linux-x86_64-fedora-clang | 0.4 | 173.21 | WARN | |||
r-devel-linux-x86_64-fedora-gcc | 0.4 | 158.19 | NOTE | |||
r-devel-windows-ix86+x86_64 | 0.4 | 61.00 | 112.00 | 173.00 | NOTE | |
r-patched-linux-x86_64 | 0.4 | 30.05 | 86.26 | 116.31 | OK | |
r-patched-solaris-x86 | 0.4 | 254.60 | NOTE | |||
r-release-linux-x86_64 | 0.4 | 28.85 | 87.60 | 116.45 | OK | |
r-release-macos-x86_64 | 0.4 | NOTE | ||||
r-release-windows-ix86+x86_64 | 0.4 | 61.00 | 110.00 | 171.00 | NOTE | |
r-oldrel-macos-x86_64 | 0.4 | NOTE | ||||
r-oldrel-windows-ix86+x86_64 | 0.4 | 38.00 | 77.00 | 115.00 | NOTE |
Version: 0.4
Check: package dependencies
Result: WARN
Imports includes 26 non-default packages.
Importing from so many packages makes the package vulnerable to any of
them becoming unavailable. Move as many as possible to Suggests and
use conditionally.
Requires orphaned package: ‘plotly’
Flavor: r-devel-linux-x86_64-fedora-clang
Version: 0.4
Check: installed package size
Result: NOTE
installed size is 6.2Mb
sub-directories of 1Mb or more:
R 1.5Mb
extdata 4.6Mb
Flavors: r-devel-linux-x86_64-fedora-clang, r-devel-windows-ix86+x86_64, r-patched-solaris-x86, r-release-macos-x86_64, r-release-windows-ix86+x86_64, r-oldrel-macos-x86_64, r-oldrel-windows-ix86+x86_64
Version: 0.4
Check: dependencies in R code
Result: NOTE
Namespaces in Imports field not imported from:
‘lubridate’ ‘xts’
All declared Imports should be used.
Flavors: r-devel-linux-x86_64-fedora-clang, r-devel-linux-x86_64-fedora-gcc, r-patched-solaris-x86, r-release-macos-x86_64, r-oldrel-macos-x86_64