CRAN Package Check Results for Package mnis

Last updated on 2020-12-31 00:46:50 CET.

Flavor Version Tinstall Tcheck Ttotal Status Flags
r-devel-linux-x86_64-debian-clang 0.2.7 22.69 66.98 89.67 OK
r-devel-linux-x86_64-debian-gcc 0.2.7 13.81 50.08 63.89 OK
r-devel-linux-x86_64-fedora-clang 0.2.7 122.98 OK
r-devel-linux-x86_64-fedora-gcc 0.2.7 106.49 OK
r-devel-windows-ix86+x86_64 0.2.7 49.00 142.00 191.00 OK
r-patched-linux-x86_64 0.2.7 17.56 61.80 79.36 WARN
r-patched-solaris-x86 0.2.7 136.00 OK
r-release-linux-x86_64 0.2.7 19.10 64.46 83.56 OK
r-release-macos-x86_64 0.2.7 OK
r-release-windows-ix86+x86_64 0.2.7 51.00 113.00 164.00 OK
r-oldrel-macos-x86_64 0.2.7 OK
r-oldrel-windows-ix86+x86_64 0.2.7 39.00 90.00 129.00 OK

Check Details

Version: 0.2.7
Check: re-building of vignette outputs
Result: WARN
    Error(s) in re-building vignettes:
     ...
    --- re-building ‘introduction.Rmd’ using rmarkdown
    Quitting from lines 237-242 (introduction.Rmd)
    Error: processing vignette 'introduction.Rmd' failed with diagnostics:
    API did not return json
    --- failed re-building ‘introduction.Rmd’
    
    SUMMARY: processing the following file failed:
     ‘introduction.Rmd’
    
    Error: Vignette re-building failed.
    Execution halted
Flavor: r-patched-linux-x86_64