CRAN Package Check Results for Package mmmgee

Last updated on 2020-12-31 00:46:50 CET.

Flavor Version Tinstall Tcheck Ttotal Status Flags
r-devel-linux-x86_64-debian-clang 1.20 8.54 76.59 85.13 OK
r-devel-linux-x86_64-debian-gcc 1.20 7.77 57.01 64.78 OK
r-devel-linux-x86_64-fedora-clang 1.20 109.46 NOTE
r-devel-linux-x86_64-fedora-gcc 1.20 101.77 OK
r-devel-windows-ix86+x86_64 1.20 18.00 95.00 113.00 OK
r-patched-linux-x86_64 1.20 9.45 70.24 79.69 OK
r-patched-solaris-x86 1.20 141.40 OK
r-release-linux-x86_64 1.20 8.26 73.72 81.98 OK
r-release-macos-x86_64 1.20 OK
r-release-windows-ix86+x86_64 1.20 19.00 93.00 112.00 OK
r-oldrel-macos-x86_64 1.20 OK
r-oldrel-windows-ix86+x86_64 1.20 12.00 62.00 74.00 OK

Check Details

Version: 1.20
Check: Rd cross-references
Result: NOTE
    Undeclared package ‘geeM’ in Rd xrefs
Flavor: r-devel-linux-x86_64-fedora-clang