CRAN Package Check Results for Package mme

Last updated on 2020-12-31 00:46:50 CET.

Flavor Version Tinstall Tcheck Ttotal Status Flags
r-devel-linux-x86_64-debian-clang 0.1-6 10.98 112.76 123.74 OK
r-devel-linux-x86_64-debian-gcc 0.1-6 10.76 83.28 94.04 OK
r-devel-linux-x86_64-fedora-clang 0.1-6 158.40 OK
r-devel-linux-x86_64-fedora-gcc 0.1-6 150.18 OK
r-devel-windows-ix86+x86_64 0.1-6 23.00 146.00 169.00 OK
r-patched-linux-x86_64 0.1-6 11.26 104.27 115.53 OK
r-patched-solaris-x86 0.1-6 197.20 OK
r-release-linux-x86_64 0.1-6 11.13 108.69 119.82 WARN
r-release-macos-x86_64 0.1-6 OK
r-release-windows-ix86+x86_64 0.1-6 22.00 111.00 133.00 OK
r-oldrel-macos-x86_64 0.1-6 OK
r-oldrel-windows-ix86+x86_64 0.1-6 16.00 100.00 116.00 OK

Check Details

Version: 0.1-6
Check: re-building of vignette outputs
Result: WARN
    Error(s) in re-building vignettes:
     ...
    --- re-building ‘mme_vignette.Rnw’ using Sweave
    Loading required package: MASS
    
     Package mme: Multinomial Mixed Effects Models
     Version 0.1-6 (built on 2019-01-27) is now loaded.
     Copyright E. Lopez-Vizcaino, M.J. Lombardia and D. Morales
    
    Error: processing vignette 'mme_vignette.Rnw' failed with diagnostics:
    Running ‘texi2dvi’ on ‘mme_vignette.tex’ failed.
    LaTeX errors:
    ! Undefined control sequence.
    <recently read> \Hy@colorlink
    
    l.139 \begin{document}
    
    ! Undefined control sequence.
    \close@pdflink ->\Hy@endcolorlink
     \Hy@VerboseLinkStop \pdfendlink
    l.139 \begin{document}
    
    ! Undefined control sequence.
    <recently read> \Hy@colorlink
    
    l.139 \begin{document}
    
    ! Undefined control sequence.
    \close@pdflink ->\Hy@endcolorlink
     \Hy@VerboseLinkStop \pdfendlink
    l.139 \begin{document}
    
    ! Undefined control sequence.
    <recently read> \Hy@colorlink
    
    l.139 \begin{document}
    
    ! Undefined control sequence.
    \close@pdflink ->\Hy@endcolorlink
     \Hy@VerboseLinkStop \pdfendlink
    l.139 \begin{document}
    
    ! Undefined control sequence.
    <recently read> \Hy@colorlink
    
    l.139 \begin{document}
    
    ! Undefined control sequence.
    \close@pdflink ->\Hy@endcolorlink
     \Hy@VerboseLinkStop \pdfendlink
    l.139 \begin{document}
    
    ! Undefined control sequence.
    <recently read> \Hy@colorlink
    
    l.139 \begin{document}
    
    ! Undefined control sequence.
    \close@pdflink ->\Hy@endcolorlink
     \Hy@VerboseLinkStop \pdfendlink
    l.139 \begin{document}
    
    ! Undefined control sequence.
    <recently read> \Hy@colorlink
    
    l.139 \begin{document}
    
    ! Undefined control sequence.
    \close@pdflink ->\Hy@endcolorlink
     \Hy@VerboseLinkStop \pdfendlink
    l.139 \begin{document}
    
    --- failed re-building ‘mme_vignette.Rnw’
    
    SUMMARY: processing the following file failed:
     ‘mme_vignette.Rnw’
    
    Error: Vignette re-building failed.
    Execution halted
Flavor: r-release-linux-x86_64