CRAN Package Check Results for Package mlpack

Last updated on 2020-12-31 00:46:50 CET.

Flavor Version Tinstall Tcheck Ttotal Status Flags
r-devel-linux-x86_64-debian-clang 3.4.2.1 2342.22 57.02 2399.24 OK
r-devel-linux-x86_64-debian-gcc 3.4.2.1 1903.39 45.16 1948.55 OK
r-devel-linux-x86_64-fedora-clang 3.4.2.1 3676.67 NOTE
r-devel-linux-x86_64-fedora-gcc 3.4.2.1 3606.49 OK
r-devel-windows-ix86+x86_64 3.4.2.1 4953.00 441.00 5394.00 NOTE
r-patched-linux-x86_64 3.4.2.1 2129.91 56.30 2186.21 OK
r-patched-solaris-x86 3.4.2.1 2448.00 NOTE
r-release-linux-x86_64 3.4.2.1 2146.80 58.05 2204.85 OK
r-release-macos-x86_64 3.4.2.1 NOTE
r-release-windows-ix86+x86_64 3.4.2.1 4028.00 442.00 4470.00 NOTE
r-oldrel-macos-x86_64 3.4.2.1 ERROR

Additional issues

clang-UBSAN gcc-UBSAN

Check Details

Version: 3.4.2.1
Check: installed package size
Result: NOTE
     installed size is 374.5Mb
     sub-directories of 1Mb or more:
     libs 374.1Mb
Flavors: r-devel-linux-x86_64-fedora-clang, r-devel-windows-ix86+x86_64, r-patched-solaris-x86, r-release-macos-x86_64, r-release-windows-ix86+x86_64

Version: 3.4.2.1
Check: whether package can be installed
Result: ERROR
    Installation failed.
Flavor: r-oldrel-macos-x86_64