CRAN Package Check Results for Package mixsqp

Last updated on 2020-12-31 00:46:50 CET.

Flavor Version Tinstall Tcheck Ttotal Status Flags
r-devel-linux-x86_64-debian-clang 0.3-43 84.82 121.64 206.46 OK
r-devel-linux-x86_64-debian-gcc 0.3-43 58.26 80.64 138.90 OK
r-devel-linux-x86_64-fedora-clang 0.3-43 261.08 OK
r-devel-linux-x86_64-fedora-gcc 0.3-43 233.07 OK
r-devel-windows-ix86+x86_64 0.3-43 186.00 196.00 382.00 OK
r-patched-linux-x86_64 0.3-43 67.11 102.67 169.78 OK
r-patched-solaris-x86 0.3-43 315.40 NOTE
r-release-linux-x86_64 0.3-43 65.39 106.34 171.73 OK
r-release-macos-x86_64 0.3-43 OK
r-release-windows-ix86+x86_64 0.3-43 184.00 157.00 341.00 OK
r-oldrel-macos-x86_64 0.3-43 OK
r-oldrel-windows-ix86+x86_64 0.3-43 124.00 133.00 257.00 NOTE

Check Details

Version: 0.3-43
Check: package dependencies
Result: NOTE
    Packages suggested but not available for checking: 'REBayes', 'Rmosek'
Flavor: r-patched-solaris-x86

Version: 0.3-43
Check: package dependencies
Result: NOTE
    Package suggested but not available for checking: 'REBayes'
Flavor: r-oldrel-windows-ix86+x86_64

Version: 0.3-43
Check: Rd cross-references
Result: NOTE
    Package unavailable to check Rd xrefs: 'REBayes'
Flavor: r-oldrel-windows-ix86+x86_64