CRAN Package Check Results for Package mixAR

Last updated on 2020-12-31 00:46:50 CET.

Flavor Version Tinstall Tcheck Ttotal Status Flags
r-devel-linux-x86_64-debian-clang 0.22.4 25.45 273.82 299.27 ERROR
r-devel-linux-x86_64-debian-gcc 0.22.4 21.16 189.18 210.34 ERROR
r-devel-linux-x86_64-fedora-clang 0.22.4 354.13 ERROR
r-devel-linux-x86_64-fedora-gcc 0.22.4 347.06 ERROR
r-devel-windows-ix86+x86_64 0.22.4 53.00 322.00 375.00 ERROR
r-patched-linux-x86_64 0.22.4 23.76 250.42 274.18 OK
r-patched-solaris-x86 0.22.4 445.70 OK
r-release-linux-x86_64 0.22.4 23.91 259.87 283.78 OK
r-release-macos-x86_64 0.22.4 OK
r-release-windows-ix86+x86_64 0.22.4 51.00 228.00 279.00 OK
r-oldrel-macos-x86_64 0.22.4 OK
r-oldrel-windows-ix86+x86_64 0.22.4 33.00 196.00 229.00 WARN

Check Details

Version: 0.22.4
Check: tests
Result: ERROR
     Running 'testthat.R' [81s/86s]
    Running the tests in 'tests/testthat.R' failed.
    Complete output:
     > library(testthat)
     > library(mixAR)
     >
     > options(useFancyQuotes = FALSE)
     > test_check("mixAR")
     == Skipped tests ===============================================================
     * empty test (4)
    
     == Failed tests ================================================================
     -- Failure (test-exampleModels.R:136:5): exampleModels is consistent with the old moWL objects --
     `moWLtf` not equal to exampleModels$WL_ibm_tf.
     Attributes: < Component "dist": Component "generator": Names: 18 string mismatches >
     Attributes: < Component "dist": Component "generator": Length mismatch: comparison on first 18 components >
     Attributes: < Component "dist": Component "generator": Component 1: Modes: S4, function >
     Attributes: < Component "dist": Component "generator": Component 1: Attributes: < Names: 7 string mismatches > >
     Attributes: < Component "dist": Component "generator": Component 1: Attributes: < Length mismatch: comparison on first 7 components > >
     Attributes: < Component "dist": Component "generator": Component 1: Attributes: < Component 1: Modes: S4, character > >
     Attributes: < Component "dist": Component "generator": Component 1: Attributes: < Component 1: Lengths: 2, 1 > >
     Attributes: < Component "dist": Component "generator": Component 1: Attributes: < Component 1: Attributes: < Names: 1 string mismatch > > >
     Attributes: < Component "dist": Component "generator": Component 1: Attributes: < Component 1: Attributes: < Length mismatch: comparison on first 1 components > > >
     ...
     -- Failure (test-exampleModels.R:138:5): exampleModels is consistent with the old moWL objects --
     `moT_A` not equal to exampleModels$WL_At.
     Attributes: < Component "dist": Component "generator": Names: 18 string mismatches >
     Attributes: < Component "dist": Component "generator": Length mismatch: comparison on first 18 components >
     Attributes: < Component "dist": Component "generator": Component 1: Modes: S4, function >
     Attributes: < Component "dist": Component "generator": Component 1: Attributes: < Names: 7 string mismatches > >
     Attributes: < Component "dist": Component "generator": Component 1: Attributes: < Length mismatch: comparison on first 7 components > >
     Attributes: < Component "dist": Component "generator": Component 1: Attributes: < Component 1: Modes: S4, character > >
     Attributes: < Component "dist": Component "generator": Component 1: Attributes: < Component 1: Lengths: 2, 1 > >
     Attributes: < Component "dist": Component "generator": Component 1: Attributes: < Component 1: Attributes: < Names: 1 string mismatch > > >
     Attributes: < Component "dist": Component "generator": Component 1: Attributes: < Component 1: Attributes: < Length mismatch: comparison on first 1 components > > >
     ...
     -- Failure (test-exampleModels.R:144:5): exampleModels is consistent with the old moWL objects --
     `moT_B2` not equal to exampleModels$WL_Bt_2.
     Attributes: < Component "dist": Component "generator": Names: 18 string mismatches >
     Attributes: < Component "dist": Component "generator": Length mismatch: comparison on first 18 components >
     Attributes: < Component "dist": Component "generator": Component 1: Modes: S4, function >
     Attributes: < Component "dist": Component "generator": Component 1: Attributes: < Names: 7 string mismatches > >
     Attributes: < Component "dist": Component "generator": Component 1: Attributes: < Length mismatch: comparison on first 7 components > >
     Attributes: < Component "dist": Component "generator": Component 1: Attributes: < Component 1: Modes: S4, character > >
     Attributes: < Component "dist": Component "generator": Component 1: Attributes: < Component 1: Lengths: 2, 1 > >
     Attributes: < Component "dist": Component "generator": Component 1: Attributes: < Component 1: Attributes: < Names: 1 string mismatch > > >
     Attributes: < Component "dist": Component "generator": Component 1: Attributes: < Component 1: Attributes: < Length mismatch: comparison on first 1 components > > >
     ...
    
     [ FAIL 3 | WARN 0 | SKIP 4 | PASS 330 ]
     Error: Test failures
     Execution halted
Flavor: r-devel-linux-x86_64-debian-clang

Version: 0.22.4
Check: tests
Result: ERROR
     Running ‘testthat.R’ [50s/82s]
    Running the tests in ‘tests/testthat.R’ failed.
    Complete output:
     > library(testthat)
     > library(mixAR)
     >
     > options(useFancyQuotes = FALSE)
     > test_check("mixAR")
     ══ Skipped tests ═══════════════════════════════════════════════════════════════
     ● empty test (4)
    
     ══ Failed tests ════════════════════════════════════════════════════════════════
     ── Failure (test-exampleModels.R:136:5): exampleModels is consistent with the old moWL objects ──
     `moWLtf` not equal to exampleModels$WL_ibm_tf.
     Attributes: < Component "dist": Component "generator": Names: 18 string mismatches >
     Attributes: < Component "dist": Component "generator": Length mismatch: comparison on first 18 components >
     Attributes: < Component "dist": Component "generator": Component 1: Modes: S4, function >
     Attributes: < Component "dist": Component "generator": Component 1: Attributes: < Names: 7 string mismatches > >
     Attributes: < Component "dist": Component "generator": Component 1: Attributes: < Length mismatch: comparison on first 7 components > >
     Attributes: < Component "dist": Component "generator": Component 1: Attributes: < Component 1: Modes: S4, character > >
     Attributes: < Component "dist": Component "generator": Component 1: Attributes: < Component 1: Lengths: 2, 1 > >
     Attributes: < Component "dist": Component "generator": Component 1: Attributes: < Component 1: Attributes: < Names: 1 string mismatch > > >
     Attributes: < Component "dist": Component "generator": Component 1: Attributes: < Component 1: Attributes: < Length mismatch: comparison on first 1 components > > >
     ...
     ── Failure (test-exampleModels.R:138:5): exampleModels is consistent with the old moWL objects ──
     `moT_A` not equal to exampleModels$WL_At.
     Attributes: < Component "dist": Component "generator": Names: 18 string mismatches >
     Attributes: < Component "dist": Component "generator": Length mismatch: comparison on first 18 components >
     Attributes: < Component "dist": Component "generator": Component 1: Modes: S4, function >
     Attributes: < Component "dist": Component "generator": Component 1: Attributes: < Names: 7 string mismatches > >
     Attributes: < Component "dist": Component "generator": Component 1: Attributes: < Length mismatch: comparison on first 7 components > >
     Attributes: < Component "dist": Component "generator": Component 1: Attributes: < Component 1: Modes: S4, character > >
     Attributes: < Component "dist": Component "generator": Component 1: Attributes: < Component 1: Lengths: 2, 1 > >
     Attributes: < Component "dist": Component "generator": Component 1: Attributes: < Component 1: Attributes: < Names: 1 string mismatch > > >
     Attributes: < Component "dist": Component "generator": Component 1: Attributes: < Component 1: Attributes: < Length mismatch: comparison on first 1 components > > >
     ...
     ── Failure (test-exampleModels.R:144:5): exampleModels is consistent with the old moWL objects ──
     `moT_B2` not equal to exampleModels$WL_Bt_2.
     Attributes: < Component "dist": Component "generator": Names: 18 string mismatches >
     Attributes: < Component "dist": Component "generator": Length mismatch: comparison on first 18 components >
     Attributes: < Component "dist": Component "generator": Component 1: Modes: S4, function >
     Attributes: < Component "dist": Component "generator": Component 1: Attributes: < Names: 7 string mismatches > >
     Attributes: < Component "dist": Component "generator": Component 1: Attributes: < Length mismatch: comparison on first 7 components > >
     Attributes: < Component "dist": Component "generator": Component 1: Attributes: < Component 1: Modes: S4, character > >
     Attributes: < Component "dist": Component "generator": Component 1: Attributes: < Component 1: Lengths: 2, 1 > >
     Attributes: < Component "dist": Component "generator": Component 1: Attributes: < Component 1: Attributes: < Names: 1 string mismatch > > >
     Attributes: < Component "dist": Component "generator": Component 1: Attributes: < Component 1: Attributes: < Length mismatch: comparison on first 1 components > > >
     ...
    
     [ FAIL 3 | WARN 0 | SKIP 4 | PASS 330 ]
     Error: Test failures
     Execution halted
Flavor: r-devel-linux-x86_64-debian-gcc

Version: 0.22.4
Check: tests
Result: ERROR
     Running ‘testthat.R’ [89s/106s]
    Running the tests in ‘tests/testthat.R’ failed.
    Complete output:
     > library(testthat)
     > library(mixAR)
     >
     > options(useFancyQuotes = FALSE)
     > test_check("mixAR")
     ══ Skipped tests ═══════════════════════════════════════════════════════════════
     ● empty test (4)
    
     ══ Failed tests ════════════════════════════════════════════════════════════════
     ── Failure (test-exampleModels.R:136:5): exampleModels is consistent with the old moWL objects ──
     `moWLtf` not equal to exampleModels$WL_ibm_tf.
     Attributes: < Component "dist": Component "generator": Names: 18 string mismatches >
     Attributes: < Component "dist": Component "generator": Length mismatch: comparison on first 18 components >
     Attributes: < Component "dist": Component "generator": Component 1: Modes: S4, function >
     Attributes: < Component "dist": Component "generator": Component 1: Attributes: < Names: 7 string mismatches > >
     Attributes: < Component "dist": Component "generator": Component 1: Attributes: < Length mismatch: comparison on first 7 components > >
     Attributes: < Component "dist": Component "generator": Component 1: Attributes: < Component 1: Modes: S4, character > >
     Attributes: < Component "dist": Component "generator": Component 1: Attributes: < Component 1: Lengths: 2, 1 > >
     Attributes: < Component "dist": Component "generator": Component 1: Attributes: < Component 1: Attributes: < Names: 1 string mismatch > > >
     Attributes: < Component "dist": Component "generator": Component 1: Attributes: < Component 1: Attributes: < Length mismatch: comparison on first 1 components > > >
     ...
     ── Failure (test-exampleModels.R:138:5): exampleModels is consistent with the old moWL objects ──
     `moT_A` not equal to exampleModels$WL_At.
     Attributes: < Component "dist": Component "generator": Names: 18 string mismatches >
     Attributes: < Component "dist": Component "generator": Length mismatch: comparison on first 18 components >
     Attributes: < Component "dist": Component "generator": Component 1: Modes: S4, function >
     Attributes: < Component "dist": Component "generator": Component 1: Attributes: < Names: 7 string mismatches > >
     Attributes: < Component "dist": Component "generator": Component 1: Attributes: < Length mismatch: comparison on first 7 components > >
     Attributes: < Component "dist": Component "generator": Component 1: Attributes: < Component 1: Modes: S4, character > >
     Attributes: < Component "dist": Component "generator": Component 1: Attributes: < Component 1: Lengths: 2, 1 > >
     Attributes: < Component "dist": Component "generator": Component 1: Attributes: < Component 1: Attributes: < Names: 1 string mismatch > > >
     Attributes: < Component "dist": Component "generator": Component 1: Attributes: < Component 1: Attributes: < Length mismatch: comparison on first 1 components > > >
     ...
     ── Failure (test-exampleModels.R:144:5): exampleModels is consistent with the old moWL objects ──
     `moT_B2` not equal to exampleModels$WL_Bt_2.
     Attributes: < Component "dist": Component "generator": Names: 18 string mismatches >
     Attributes: < Component "dist": Component "generator": Length mismatch: comparison on first 18 components >
     Attributes: < Component "dist": Component "generator": Component 1: Modes: S4, function >
     Attributes: < Component "dist": Component "generator": Component 1: Attributes: < Names: 7 string mismatches > >
     Attributes: < Component "dist": Component "generator": Component 1: Attributes: < Length mismatch: comparison on first 7 components > >
     Attributes: < Component "dist": Component "generator": Component 1: Attributes: < Component 1: Modes: S4, character > >
     Attributes: < Component "dist": Component "generator": Component 1: Attributes: < Component 1: Lengths: 2, 1 > >
     Attributes: < Component "dist": Component "generator": Component 1: Attributes: < Component 1: Attributes: < Names: 1 string mismatch > > >
     Attributes: < Component "dist": Component "generator": Component 1: Attributes: < Component 1: Attributes: < Length mismatch: comparison on first 1 components > > >
     ...
    
     [ FAIL 3 | WARN 0 | SKIP 4 | PASS 330 ]
     Error: Test failures
     Execution halted
Flavors: r-devel-linux-x86_64-fedora-clang, r-devel-linux-x86_64-fedora-gcc

Version: 0.22.4
Check: tests
Result: ERROR
     Running 'testthat.R' [88s]
    Running the tests in 'tests/testthat.R' failed.
    Complete output:
     > library(testthat)
     > library(mixAR)
     >
     > options(useFancyQuotes = FALSE)
     > test_check("mixAR")
     == Skipped tests ===============================================================
     * empty test (4)
    
     == Failed tests ================================================================
     -- Failure (test-exampleModels.R:136:5): exampleModels is consistent with the old moWL objects --
     `moWLtf` not equal to exampleModels$WL_ibm_tf.
     Attributes: < Component "dist": Component "generator": Names: 18 string mismatches >
     Attributes: < Component "dist": Component "generator": Length mismatch: comparison on first 18 components >
     Attributes: < Component "dist": Component "generator": Component 1: Modes: S4, function >
     Attributes: < Component "dist": Component "generator": Component 1: Attributes: < Names: 7 string mismatches > >
     Attributes: < Component "dist": Component "generator": Component 1: Attributes: < Length mismatch: comparison on first 7 components > >
     Attributes: < Component "dist": Component "generator": Component 1: Attributes: < Component 1: Modes: S4, character > >
     Attributes: < Component "dist": Component "generator": Component 1: Attributes: < Component 1: Lengths: 2, 1 > >
     Attributes: < Component "dist": Component "generator": Component 1: Attributes: < Component 1: Attributes: < Names: 1 string mismatch > > >
     Attributes: < Component "dist": Component "generator": Component 1: Attributes: < Component 1: Attributes: < Length mismatch: comparison on first 1 components > > >
     ...
     -- Failure (test-exampleModels.R:138:5): exampleModels is consistent with the old moWL objects --
     `moT_A` not equal to exampleModels$WL_At.
     Attributes: < Component "dist": Component "generator": Names: 18 string mismatches >
     Attributes: < Component "dist": Component "generator": Length mismatch: comparison on first 18 components >
     Attributes: < Component "dist": Component "generator": Component 1: Modes: S4, function >
     Attributes: < Component "dist": Component "generator": Component 1: Attributes: < Names: 7 string mismatches > >
     Attributes: < Component "dist": Component "generator": Component 1: Attributes: < Length mismatch: comparison on first 7 components > >
     Attributes: < Component "dist": Component "generator": Component 1: Attributes: < Component 1: Modes: S4, character > >
     Attributes: < Component "dist": Component "generator": Component 1: Attributes: < Component 1: Lengths: 2, 1 > >
     Attributes: < Component "dist": Component "generator": Component 1: Attributes: < Component 1: Attributes: < Names: 1 string mismatch > > >
     Attributes: < Component "dist": Component "generator": Component 1: Attributes: < Component 1: Attributes: < Length mismatch: comparison on first 1 components > > >
     ...
     -- Failure (test-exampleModels.R:144:5): exampleModels is consistent with the old moWL objects --
     `moT_B2` not equal to exampleModels$WL_Bt_2.
     Attributes: < Component "dist": Component "generator": Names: 18 string mismatches >
     Attributes: < Component "dist": Component "generator": Length mismatch: comparison on first 18 components >
     Attributes: < Component "dist": Component "generator": Component 1: Modes: S4, function >
     Attributes: < Component "dist": Component "generator": Component 1: Attributes: < Names: 7 string mismatches > >
     Attributes: < Component "dist": Component "generator": Component 1: Attributes: < Length mismatch: comparison on first 7 components > >
     Attributes: < Component "dist": Component "generator": Component 1: Attributes: < Component 1: Modes: S4, character > >
     Attributes: < Component "dist": Component "generator": Component 1: Attributes: < Component 1: Lengths: 2, 1 > >
     Attributes: < Component "dist": Component "generator": Component 1: Attributes: < Component 1: Attributes: < Names: 1 string mismatch > > >
     Attributes: < Component "dist": Component "generator": Component 1: Attributes: < Component 1: Attributes: < Length mismatch: comparison on first 1 components > > >
     ...
    
     [ FAIL 3 | WARN 0 | SKIP 4 | PASS 330 ]
     Error: Test failures
     Execution halted
Flavor: r-devel-windows-ix86+x86_64

Version: 0.22.4
Check: Rd files
Result: WARN
    prepare_Rd: <connection>:4: unexpected END_OF_INPUT '
    '
Flavor: r-oldrel-windows-ix86+x86_64