CRAN Package Check Results for Package miic

Last updated on 2020-12-31 00:46:50 CET.

Flavor Version Tinstall Tcheck Ttotal Status Flags
r-devel-linux-x86_64-debian-clang 1.5.3 102.61 40.54 143.15 OK
r-devel-linux-x86_64-debian-gcc 1.5.3 67.65 30.45 98.10 OK
r-devel-linux-x86_64-fedora-clang 1.5.3 221.10 NOTE
r-devel-linux-x86_64-fedora-gcc 1.5.3 179.29 OK
r-devel-windows-ix86+x86_64 1.5.3 233.00 102.00 335.00 OK
r-patched-linux-x86_64 1.5.3 83.98 38.10 122.08 OK
r-patched-solaris-x86 1.5.3 169.50 OK
r-release-linux-x86_64 1.5.3 83.87 39.67 123.54 OK
r-release-macos-x86_64 1.5.3 NOTE
r-release-windows-ix86+x86_64 1.5.3 240.00 66.00 306.00 OK
r-oldrel-macos-x86_64 1.5.3 NOTE
r-oldrel-windows-ix86+x86_64 1.5.3 68.00 6.00 74.00 ERROR

Check Details

Version: 1.5.3
Check: installed package size
Result: NOTE
     installed size is 7.0Mb
     sub-directories of 1Mb or more:
     libs 6.7Mb
Flavors: r-devel-linux-x86_64-fedora-clang, r-release-macos-x86_64, r-oldrel-macos-x86_64

Version: 1.5.3
Check: whether package can be installed
Result: ERROR
    Installation failed.
Flavor: r-oldrel-windows-ix86+x86_64