CRAN Package Check Results for Package midasml

Last updated on 2020-12-31 00:46:50 CET.

Flavor Version Tinstall Tcheck Ttotal Status Flags
r-devel-linux-x86_64-debian-clang 0.0.5 69.78 101.44 171.22 OK
r-devel-linux-x86_64-debian-gcc 0.0.5 50.76 75.90 126.66 OK
r-devel-linux-x86_64-fedora-clang 0.0.5 233.70 NOTE
r-devel-linux-x86_64-fedora-gcc 0.0.5 211.80 OK
r-devel-windows-ix86+x86_64 0.0.5 162.00 189.00 351.00 WARN
r-patched-linux-x86_64 0.0.5 59.87 92.07 151.94 OK
r-patched-solaris-x86 0.0.5 236.20 OK
r-release-linux-x86_64 0.0.5 55.68 95.79 151.47 OK
r-release-macos-x86_64 0.0.5 NOTE
r-release-windows-ix86+x86_64 0.0.5 162.00 133.00 295.00 OK
r-oldrel-macos-x86_64 0.0.5 NOTE
r-oldrel-windows-ix86+x86_64 0.0.5 106.00 118.00 224.00 OK

Check Details

Version: 0.0.5
Check: installed package size
Result: NOTE
     installed size is 5.4Mb
     sub-directories of 1Mb or more:
     libs 4.7Mb
Flavors: r-devel-linux-x86_64-fedora-clang, r-release-macos-x86_64, r-oldrel-macos-x86_64

Version: 0.0.5
Check: for code/documentation mismatches
Result: WARN
    Error: package or namespace load failed for 'midasml' in loadNamespace(j <- i[[1L]], c(lib.loc, .libPaths()), versionCheck = vI[[j]]):
     there is no package called 'optimx'
    Call sequence:
    6: stop(msg, call. = FALSE, domain = NA)
    5: value[[3L]](cond)
    4: tryCatchOne(expr, names, parentenv, handlers[[1L]])
    3: tryCatchList(expr, classes, parentenv, handlers)
    2: tryCatch({
     attr(package, "LibPath") <- which.lib.loc
     ns <- loadNamespace(package, lib.loc)
     env <- attachNamespace(ns, pos = pos, deps, exclude, include.only)
     }, error = function(e) {
     P <- if (!is.null(cc <- conditionCall(e)))
     paste(" in", deparse(cc)[1L])
     else ""
     msg <- gettextf("package or namespace load failed for %s%s:\n %s",
     sQuote(package), P, conditionMessage(e))
     if (logical.return)
     message(paste("Error:", msg), domain = NA)
     else stop(msg, call. = FALSE, domain = NA)
     })
    1: library(package, lib.loc = lib.loc, character.only = TRUE,
    Execution halted
Flavor: r-devel-windows-ix86+x86_64