Last updated on 2020-12-31 00:46:50 CET.
Flavor | Version | Tinstall | Tcheck | Ttotal | Status | Flags |
---|---|---|---|---|---|---|
r-devel-linux-x86_64-debian-clang | 0.0.2 | 5.48 | 38.08 | 43.56 | OK | |
r-devel-linux-x86_64-debian-gcc | 0.0.2 | 3.90 | 29.41 | 33.31 | OK | |
r-devel-linux-x86_64-fedora-clang | 0.0.2 | 61.07 | NOTE | |||
r-devel-linux-x86_64-fedora-gcc | 0.0.2 | 51.62 | NOTE | |||
r-devel-windows-ix86+x86_64 | 0.0.2 | 14.00 | 79.00 | 93.00 | OK | |
r-patched-linux-x86_64 | 0.0.2 | 5.69 | 35.56 | 41.25 | OK | |
r-patched-solaris-x86 | 0.0.2 | 81.40 | OK | |||
r-release-linux-x86_64 | 0.0.2 | 5.30 | 37.69 | 42.99 | OK | |
r-release-macos-x86_64 | 0.0.2 | OK | ||||
r-release-windows-ix86+x86_64 | 0.0.2 | 14.00 | 57.00 | 71.00 | OK | |
r-oldrel-macos-x86_64 | 0.0.2 | OK | ||||
r-oldrel-windows-ix86+x86_64 | 0.0.2 | 9.00 | 62.00 | 71.00 | OK |
Version: 0.0.2
Check: compiled code
Result: NOTE
File ‘mgarchBEKK/libs/mgarchBEKK.so’:
Found no calls to: ‘R_registerRoutines’, ‘R_useDynamicSymbols’
It is good practice to register native routines and to disable symbol
search.
See ‘Writing portable packages’ in the ‘Writing R Extensions’ manual.
Flavors: r-devel-linux-x86_64-fedora-clang, r-devel-linux-x86_64-fedora-gcc