Last updated on 2020-12-31 00:46:50 CET.
Flavor | Version | Tinstall | Tcheck | Ttotal | Status | Flags |
---|---|---|---|---|---|---|
r-devel-linux-x86_64-debian-clang | 1.2 | 14.05 | 182.05 | 196.10 | OK | |
r-devel-linux-x86_64-debian-gcc | 1.2 | 10.28 | 128.93 | 139.21 | OK | |
r-devel-linux-x86_64-fedora-clang | 1.2 | 229.57 | NOTE | |||
r-devel-linux-x86_64-fedora-gcc | 1.2 | 224.22 | NOTE | |||
r-devel-windows-ix86+x86_64 | 1.2 | 30.00 | 217.00 | 247.00 | OK | |
r-patched-linux-x86_64 | 1.2 | 13.33 | 166.06 | 179.39 | OK | |
r-patched-solaris-x86 | 1.2 | 327.60 | NOTE | |||
r-release-linux-x86_64 | 1.2 | 13.87 | 173.36 | 187.23 | OK | |
r-release-macos-x86_64 | 1.2 | NOTE | ||||
r-release-windows-ix86+x86_64 | 1.2 | 31.00 | 163.00 | 194.00 | OK | |
r-oldrel-macos-x86_64 | 1.2 | ERROR |
Version: 1.2
Check: dependencies in R code
Result: NOTE
Namespace in Imports field not imported from: ‘lmerTest’
All declared Imports should be used.
Flavors: r-devel-linux-x86_64-fedora-clang, r-devel-linux-x86_64-fedora-gcc, r-patched-solaris-x86, r-release-macos-x86_64
Version: 1.2
Check: whether package can be installed
Result: ERROR
Installation failed.
Flavor: r-oldrel-macos-x86_64