CRAN Package Check Results for Package mefa

Last updated on 2020-12-31 00:46:50 CET.

Flavor Version Tinstall Tcheck Ttotal Status Flags
r-devel-linux-x86_64-debian-clang 3.2-7 4.33 59.95 64.28 OK
r-devel-linux-x86_64-debian-gcc 3.2-7 3.58 46.76 50.34 OK
r-devel-linux-x86_64-fedora-clang 3.2-7 89.56 NOTE
r-devel-linux-x86_64-fedora-gcc 3.2-7 78.71 OK
r-devel-windows-ix86+x86_64 3.2-7 9.00 79.00 88.00 OK
r-patched-linux-x86_64 3.2-7 4.25 58.33 62.58 OK
r-patched-solaris-x86 3.2-7 103.00 OK
r-release-linux-x86_64 3.2-7 4.74 53.35 58.09 WARN
r-release-macos-x86_64 3.2-7 OK
r-release-windows-ix86+x86_64 3.2-7 9.00 59.00 68.00 OK
r-oldrel-macos-x86_64 3.2-7 OK
r-oldrel-windows-ix86+x86_64 3.2-7 6.00 54.00 60.00 OK

Check Details

Version: 3.2-7
Check: Rd cross-references
Result: NOTE
    Undeclared packages ‘reshape’, ‘simba’, ‘labdsv’, ‘Hmisc’, ‘untb’ in Rd xrefs
Flavor: r-devel-linux-x86_64-fedora-clang

Version: 3.2-7
Check: re-building of vignette outputs
Result: WARN
    Error(s) in re-building vignettes:
     ...
    --- re-building ‘mefa.Rnw’ using Sweave
    mefa 3.2-7 2016-01-11
    Loading required package: permute
    Loading required package: lattice
    This is vegan 2.5-7
    The "ward" method has been renamed to "ward.D"; note new "ward.D2"
    The "ward" method has been renamed to "ward.D"; note new "ward.D2"
    The "ward" method has been renamed to "ward.D"; note new "ward.D2"
    The "ward" method has been renamed to "ward.D"; note new "ward.D2"
    Error: processing vignette 'mefa.Rnw' failed with diagnostics:
    Running ‘texi2dvi’ on ‘mefa.tex’ failed.
    LaTeX errors:
    ! Undefined control sequence.
    \hyper@linkurl ...tionraw >>}\relax \Hy@colorlink
     \@urlcolor #1\Hy@xspace@en...
    l.53 \begin{document}
    
    ! Undefined control sequence.
    \close@pdflink ->\Hy@endcolorlink
     \Hy@VerboseLinkStop \pdfendlink
    l.53 \begin{document}
    
    --- failed re-building 'mefa.Rnw'
    
    SUMMARY: processing the following file failed:
     'mefa.Rnw'
    
    Error: Vignette re-building failed.
    Execution halted
Flavor: r-release-linux-x86_64