CRAN Package Check Results for Package mdw

Last updated on 2020-12-31 00:46:50 CET.

Flavor Version Tinstall Tcheck Ttotal Status Flags
r-devel-linux-x86_64-debian-clang 2020.6-17 8.34 68.16 76.50 OK
r-devel-linux-x86_64-debian-gcc 2020.6-17 6.34 52.75 59.09 OK
r-devel-linux-x86_64-fedora-clang 2020.6-17 101.25 OK
r-devel-linux-x86_64-fedora-gcc 2020.6-17 91.25 OK
r-devel-windows-ix86+x86_64 2020.6-17 16.00 90.00 106.00 OK
r-patched-linux-x86_64 2020.6-17 7.23 64.18 71.41 OK
r-patched-solaris-x86 2020.6-17 131.30 NOTE
r-release-linux-x86_64 2020.6-17 7.43 65.88 73.31 OK
r-release-macos-x86_64 2020.6-17 OK
r-release-windows-ix86+x86_64 2020.6-17 16.00 90.00 106.00 OK
r-oldrel-macos-x86_64 2020.6-17 OK
r-oldrel-windows-ix86+x86_64 2020.6-17 10.00 61.00 71.00 OK

Check Details

Version: 2020.6-17
Check: package dependencies
Result: NOTE
    Package suggested but not available for checking: ‘Rmosek’
Flavor: r-patched-solaris-x86