Last updated on 2020-12-31 00:46:50 CET.
Flavor | Version | Tinstall | Tcheck | Ttotal | Status | Flags |
---|---|---|---|---|---|---|
r-devel-linux-x86_64-debian-clang | 0.0.4 | 3.13 | 32.29 | 35.42 | OK | |
r-devel-linux-x86_64-debian-gcc | 0.0.4 | 2.35 | 24.66 | 27.01 | OK | |
r-devel-linux-x86_64-fedora-clang | 0.0.4 | 51.46 | OK | |||
r-devel-linux-x86_64-fedora-gcc | 0.0.4 | 41.81 | OK | |||
r-devel-windows-ix86+x86_64 | 0.0.4 | 7.00 | 46.00 | 53.00 | OK | |
r-patched-linux-x86_64 | 0.0.4 | 3.21 | 31.07 | 34.28 | OK | |
r-patched-solaris-x86 | 0.0.4 | 57.70 | OK | |||
r-release-linux-x86_64 | 0.0.4 | 3.36 | 31.76 | 35.12 | OK | |
r-release-macos-x86_64 | 0.0.4 | OK | ||||
r-release-windows-ix86+x86_64 | 0.0.4 | 6.00 | 37.00 | 43.00 | OK | |
r-oldrel-macos-x86_64 | 0.0.4 | NOTE | ||||
r-oldrel-windows-ix86+x86_64 | 0.0.4 | 4.00 | 32.00 | 36.00 | OK |
Version: 0.0.4
Check: package dependencies
Result: NOTE
Package suggested but not available for checking: ‘RGtk2’
Flavor: r-oldrel-macos-x86_64