Last updated on 2020-12-31 00:46:48 CET.
Flavor | Version | Tinstall | Tcheck | Ttotal | Status | Flags |
---|---|---|---|---|---|---|
r-devel-linux-x86_64-debian-clang | 2.9-4 | 17.62 | 927.53 | 945.15 | OK | |
r-devel-linux-x86_64-debian-gcc | 2.9-4 | 12.81 | 652.43 | 665.24 | OK | |
r-devel-linux-x86_64-fedora-clang | 2.9-4 | 1048.52 | OK | |||
r-devel-linux-x86_64-fedora-gcc | 2.9-4 | 1054.13 | OK | |||
r-devel-windows-ix86+x86_64 | 2.9-4 | 36.00 | 190.00 | 226.00 | OK | --no-vignettes |
r-patched-linux-x86_64 | 2.9-4 | 19.00 | 862.58 | 881.58 | OK | |
r-patched-solaris-x86 | 2.9-4 | 1311.80 | OK | |||
r-release-linux-x86_64 | 2.9-4 | 15.51 | 880.94 | 896.45 | OK | |
r-release-macos-x86_64 | 2.9-4 | NOTE | ||||
r-release-windows-ix86+x86_64 | 2.9-4 | 35.00 | 143.00 | 178.00 | OK | --no-vignettes |
r-oldrel-macos-x86_64 | 2.9-4 | OK | ||||
r-oldrel-windows-ix86+x86_64 | 2.9-4 | 20.00 | 132.00 | 152.00 | OK | --no-vignettes |
Version: 2.9-4
Check: package dependencies
Result: NOTE
Package suggested but not available for checking: ‘kangar00’
Flavor: r-release-macos-x86_64
Version: 2.9-4
Check: Rd cross-references
Result: NOTE
Package unavailable to check Rd xrefs: ‘kangar00’
Flavor: r-release-macos-x86_64