CRAN Package Check Results for Package matlib

Last updated on 2020-12-31 00:46:48 CET.

Flavor Version Tinstall Tcheck Ttotal Status Flags
r-devel-linux-x86_64-debian-clang 0.9.4 9.23 108.38 117.61 OK
r-devel-linux-x86_64-debian-gcc 0.9.4 8.03 80.47 88.50 OK
r-devel-linux-x86_64-fedora-clang 0.9.4 144.81 OK
r-devel-linux-x86_64-fedora-gcc 0.9.4 139.35 OK
r-devel-windows-ix86+x86_64 0.9.4 20.00 137.00 157.00 OK
r-patched-linux-x86_64 0.9.4 9.15 100.72 109.87 OK
r-patched-solaris-x86 0.9.4 184.40 WARN
r-release-linux-x86_64 0.9.4 8.32 104.95 113.27 OK
r-release-macos-x86_64 0.9.4 OK
r-release-windows-ix86+x86_64 0.9.4 21.00 139.00 160.00 OK
r-oldrel-macos-x86_64 0.9.4 WARN
r-oldrel-windows-ix86+x86_64 0.9.4 12.00 94.00 106.00 OK

Check Details

Version: 0.9.4
Check: re-building of vignette outputs
Result: WARN
    Error(s) in re-building vignettes:
     ...
    --- re-building ‘data-beta.Rmd’ using rmarkdown
    Warning in engine$weave(file, quiet = quiet, encoding = enc) :
     Pandoc (>= 1.12.3) and/or pandoc-citeproc not available. Falling back to R Markdown v1.
    
    Attaching package: 'matlib'
    
    The following object is masked from 'package:rgl':
    
     GramSchmidt
    
    Loading required namespace: rmarkdown
    PhantomJS not found. You can install it with webshot::install_phantomjs(). If it is installed, please make sure the phantomjs executable can be found via the PATH variable.
    Warning in normalizePath(f2) :
     path[1]="webshot5687607331a2.png": No such file or directory
    Warning in file(con, "rb") :
     cannot open file 'webshot5687607331a2.png': No such file or directory
    Quitting from lines 162-183 (data-beta.Rmd)
    Error: processing vignette 'data-beta.Rmd' failed with diagnostics:
    cannot open the connection
    --- failed re-building ‘data-beta.Rmd’
    
    --- re-building ‘det-ex1.Rmd’ using rmarkdown
    Warning in engine$weave(file, quiet = quiet, encoding = enc) :
     Pandoc (>= 1.12.3) and/or pandoc-citeproc not available. Falling back to R Markdown v1.
    --- finished re-building ‘det-ex1.Rmd’
    
    --- re-building ‘det-ex2.Rmd’ using rmarkdown
    Warning in engine$weave(file, quiet = quiet, encoding = enc) :
     Pandoc (>= 1.12.3) and/or pandoc-citeproc not available. Falling back to R Markdown v1.
    --- finished re-building ‘det-ex2.Rmd’
    
    --- re-building ‘eigen-ex1.Rmd’ using rmarkdown
    Warning in engine$weave(file, quiet = quiet, encoding = enc) :
     Pandoc (>= 1.12.3) and/or pandoc-citeproc not available. Falling back to R Markdown v1.
    --- finished re-building ‘eigen-ex1.Rmd’
    
    --- re-building ‘eigen-ex2.Rmd’ using rmarkdown
    Warning in engine$weave(file, quiet = quiet, encoding = enc) :
     Pandoc (>= 1.12.3) and/or pandoc-citeproc not available. Falling back to R Markdown v1.
    --- finished re-building ‘eigen-ex2.Rmd’
    
    --- re-building ‘ginv.Rmd’ using rmarkdown
    Warning in engine$weave(file, quiet = quiet, encoding = enc) :
     Pandoc (>= 1.12.3) and/or pandoc-citeproc not available. Falling back to R Markdown v1.
    --- finished re-building ‘ginv.Rmd’
    
    --- re-building ‘gramreg.Rmd’ using rmarkdown
    Warning in engine$weave(file, quiet = quiet, encoding = enc) :
     Pandoc (>= 1.12.3) and/or pandoc-citeproc not available. Falling back to R Markdown v1.
    --- finished re-building ‘gramreg.Rmd’
    
    --- re-building ‘inv-ex1.Rmd’ using rmarkdown
    Warning in engine$weave(file, quiet = quiet, encoding = enc) :
     Pandoc (>= 1.12.3) and/or pandoc-citeproc not available. Falling back to R Markdown v1.
    --- finished re-building ‘inv-ex1.Rmd’
    
    --- re-building ‘inv-ex2.Rmd’ using rmarkdown
    Warning in engine$weave(file, quiet = quiet, encoding = enc) :
     Pandoc (>= 1.12.3) and/or pandoc-citeproc not available. Falling back to R Markdown v1.
    --- finished re-building ‘inv-ex2.Rmd’
    
    --- re-building ‘linear-equations.Rmd’ using rmarkdown
    Warning in engine$weave(file, quiet = quiet, encoding = enc) :
     Pandoc (>= 1.12.3) and/or pandoc-citeproc not available. Falling back to R Markdown v1.
    
    Attaching package: 'matlib'
    
    The following object is masked from 'package:rgl':
    
     GramSchmidt
    
    Loading required namespace: rmarkdown
    PhantomJS not found. You can install it with webshot::install_phantomjs(). If it is installed, please make sure the phantomjs executable can be found via the PATH variable.
    Warning in normalizePath(f2) :
     path[1]="webshot6e286ef36d5.png": No such file or directory
    Warning in file(con, "rb") :
     cannot open file 'webshot6e286ef36d5.png': No such file or directory
    Quitting from lines 173-174 (linear-equations.Rmd)
    Error: processing vignette 'linear-equations.Rmd' failed with diagnostics:
    cannot open the connection
    --- failed re-building ‘linear-equations.Rmd’
    
    SUMMARY: processing the following files failed:
     ‘data-beta.Rmd’ ‘linear-equations.Rmd’
    
    Error: Vignette re-building failed.
    Execution halted
Flavor: r-patched-solaris-x86

Version: 0.9.4
Check: whether package can be installed
Result: WARN
    Found the following significant warnings:
     Warning: 'rgl.init' failed, running with 'rgl.useNULL = TRUE'.
Flavor: r-oldrel-macos-x86_64