CRAN Package Check Results for Package matchingMarkets

Last updated on 2020-12-31 00:46:48 CET.

Flavor Version Tinstall Tcheck Ttotal Status Flags
r-devel-linux-x86_64-debian-clang 1.0-2 225.20 152.41 377.61 OK
r-devel-linux-x86_64-debian-gcc 1.0-2 142.49 111.59 254.08 OK
r-devel-linux-x86_64-fedora-clang 1.0-2 506.34 NOTE
r-devel-linux-x86_64-fedora-gcc 1.0-2 462.12 OK
r-devel-windows-ix86+x86_64 1.0-2 481.00 224.00 705.00 NOTE
r-patched-linux-x86_64 1.0-2 166.95 142.61 309.56 OK
r-patched-solaris-x86 1.0-2 429.40 NOTE
r-release-linux-x86_64 1.0-2 170.46 142.68 313.14 WARN
r-release-macos-x86_64 1.0-2 NOTE
r-release-windows-ix86+x86_64 1.0-2 475.00 224.00 699.00 NOTE
r-oldrel-macos-x86_64 1.0-2 NOTE
r-oldrel-windows-ix86+x86_64 1.0-2 320.00 154.00 474.00 NOTE

Check Details

Version: 1.0-2
Check: installed package size
Result: NOTE
     installed size is 15.7Mb
     sub-directories of 1Mb or more:
     java 3.3Mb
     libs 11.1Mb
Flavors: r-devel-linux-x86_64-fedora-clang, r-devel-windows-ix86+x86_64, r-patched-solaris-x86, r-release-macos-x86_64, r-release-windows-ix86+x86_64, r-oldrel-macos-x86_64, r-oldrel-windows-ix86+x86_64

Version: 1.0-2
Check: re-building of vignette outputs
Result: WARN
    Error(s) in re-building vignettes:
     ...
    --- re-building ‘matching.Rnw’ using knitr_notangle
    0% 10 20 30 40 50 60 70 80 90 100%
    [----|----|----|----|----|----|----|----|----|----|
    **************************************************|
    Warning: glm.fit: fitted probabilities numerically 0 or 1 occurred
    Warning: glm.fit: fitted probabilities numerically 0 or 1 occurred
    Error: processing vignette 'matching.Rnw' failed with diagnostics:
    Running ‘texi2dvi’ on ‘matching.tex’ failed.
    LaTeX errors:
    ! Undefined control sequence.
    <recently read> \Hy@colorlink
    
    l.88 \begin{document}
    
    ! Undefined control sequence.
    \close@pdflink ->\Hy@endcolorlink
     \Hy@VerboseLinkStop \pdfendlink
    l.88 \begin{document}
    
    --- failed re-building ‘matching.Rnw’
    
    SUMMARY: processing the following file failed:
     ‘matching.Rnw’
    
    Error: Vignette re-building failed.
    Execution halted
Flavor: r-release-linux-x86_64