Last updated on 2020-12-31 00:46:47 CET.
Flavor | Version | Tinstall | Tcheck | Ttotal | Status | Flags |
---|---|---|---|---|---|---|
r-devel-linux-x86_64-debian-clang | 0.1.8 | 98.90 | 100.01 | 198.91 | OK | |
r-devel-linux-x86_64-debian-gcc | 0.1.8 | 68.20 | 74.13 | 142.33 | OK | |
r-devel-linux-x86_64-fedora-clang | 0.1.8 | 257.38 | NOTE | |||
r-devel-linux-x86_64-fedora-gcc | 0.1.8 | 236.06 | OK | |||
r-devel-windows-ix86+x86_64 | 0.1.8 | 219.00 | 170.00 | 389.00 | OK | |
r-patched-linux-x86_64 | 0.1.8 | 79.85 | 89.52 | 169.37 | OK | |
r-patched-solaris-x86 | 0.1.8 | 269.00 | OK | |||
r-release-linux-x86_64 | 0.1.8 | 80.72 | 93.15 | 173.87 | OK | |
r-release-macos-x86_64 | 0.1.8 | OK | ||||
r-release-windows-ix86+x86_64 | 0.1.8 | 222.00 | 177.00 | 399.00 | OK | |
r-oldrel-macos-x86_64 | 0.1.8 | WARN | ||||
r-oldrel-windows-ix86+x86_64 | 0.1.8 | 144.00 | 114.00 | 258.00 | OK |
Version: 0.1.8
Check: installed package size
Result: NOTE
installed size is 5.0Mb
sub-directories of 1Mb or more:
libs 4.7Mb
Flavor: r-devel-linux-x86_64-fedora-clang
Version: 0.1.8
Check: whether package can be installed
Result: WARN
Found the following significant warnings:
Warning: 'rgl.init' failed, running with 'rgl.useNULL = TRUE'.
Flavor: r-oldrel-macos-x86_64
Version: 0.1.8
Check: Rd files
Result: WARN
prepare_Rd: RGL: unable to open X11 display
prepare_Rd: 'rgl.init' failed, running with 'rgl.useNULL = TRUE'.
Flavor: r-oldrel-macos-x86_64