Last updated on 2020-12-31 00:46:47 CET.
Flavor | Version | Tinstall | Tcheck | Ttotal | Status | Flags |
---|---|---|---|---|---|---|
r-devel-linux-x86_64-debian-clang | 2.2.1 | 12.36 | 74.91 | 87.27 | OK | |
r-devel-linux-x86_64-debian-gcc | 2.2.1 | 8.73 | 55.90 | 64.63 | OK | |
r-devel-linux-x86_64-fedora-clang | 2.2.1 | 113.77 | OK | |||
r-devel-linux-x86_64-fedora-gcc | 2.2.1 | 107.14 | OK | |||
r-devel-windows-ix86+x86_64 | 2.2.1 | 16.00 | 84.00 | 100.00 | OK | |
r-patched-linux-x86_64 | 2.2.1 | 11.37 | 69.02 | 80.39 | OK | |
r-patched-solaris-x86 | 2.2.1 | 139.50 | OK | |||
r-release-linux-x86_64 | 2.2.1 | 12.31 | 69.70 | 82.01 | OK | |
r-release-macos-x86_64 | 2.2.1 | OK | ||||
r-release-windows-ix86+x86_64 | 2.2.1 | 15.00 | 67.00 | 82.00 | OK | |
r-oldrel-macos-x86_64 | 2.2.1 | WARN | ||||
r-oldrel-windows-ix86+x86_64 | 2.2.1 | 10.00 | 59.00 | 69.00 | OK |
Version: 2.2.1
Check: dependencies in R code
Result: NOTE
No protocol specified
No protocol specified
Flavor: r-oldrel-macos-x86_64
Version: 2.2.1
Check: S3 generic/method consistency
Result: WARN
No protocol specified
No protocol specified
See section ‘Generic functions and methods’ in the ‘Writing R
Extensions’ manual.
Flavor: r-oldrel-macos-x86_64
Version: 2.2.1
Check: replacement functions
Result: WARN
No protocol specified
No protocol specified
The argument of a replacement function which corresponds to the right
hand side must be named ‘value’.
Flavor: r-oldrel-macos-x86_64
Version: 2.2.1
Check: foreign function calls
Result: NOTE
No protocol specified
No protocol specified
See chapter ‘System and foreign language interfaces’ in the ‘Writing R
Extensions’ manual.
Flavor: r-oldrel-macos-x86_64
Version: 2.2.1
Check: R code for possible problems
Result: NOTE
No protocol specified
No protocol specified
Flavor: r-oldrel-macos-x86_64
Version: 2.2.1
Check: for missing documentation entries
Result: WARN
No protocol specified
No protocol specified
All user-level objects in a package should have documentation entries.
See chapter ‘Writing R documentation files’ in the ‘Writing R
Extensions’ manual.
Flavor: r-oldrel-macos-x86_64
Version: 2.2.1
Check: for code/documentation mismatches
Result: WARN
No protocol specified
No protocol specified
No protocol specified
No protocol specified
No protocol specified
No protocol specified
Flavor: r-oldrel-macos-x86_64
Version: 2.2.1
Check: Rd \usage sections
Result: NOTE
No protocol specified
No protocol specified
The \usage entries for S3 methods should use the \method markup and not
their full name.
See chapter ‘Writing R documentation files’ in the ‘Writing R
Extensions’ manual.
Flavor: r-oldrel-macos-x86_64