CRAN Package Check Results for Package ludic

Last updated on 2020-12-31 00:46:47 CET.

Flavor Version Tinstall Tcheck Ttotal Status Flags
r-devel-linux-x86_64-debian-clang 0.1.8 101.76 121.43 223.19 OK
r-devel-linux-x86_64-debian-gcc 0.1.8 66.40 92.14 158.54 OK
r-devel-linux-x86_64-fedora-clang 0.1.8 293.55 NOTE
r-devel-linux-x86_64-fedora-gcc 0.1.8 273.91 OK
r-devel-windows-ix86+x86_64 0.1.8 227.00 196.00 423.00 OK
r-patched-linux-x86_64 0.1.8 74.06 112.88 186.94 OK
r-patched-solaris-x86 0.1.8 325.80 OK
r-release-linux-x86_64 0.1.8 78.54 113.58 192.12 OK
r-release-macos-x86_64 0.1.8 NOTE
r-release-windows-ix86+x86_64 0.1.8 231.00 194.00 425.00 OK
r-oldrel-macos-x86_64 0.1.8 NOTE
r-oldrel-windows-ix86+x86_64 0.1.8 151.00 135.00 286.00 OK

Check Details

Version: 0.1.8
Check: installed package size
Result: NOTE
     installed size is 6.2Mb
     sub-directories of 1Mb or more:
     data 2.1Mb
     libs 3.9Mb
Flavors: r-devel-linux-x86_64-fedora-clang, r-release-macos-x86_64, r-oldrel-macos-x86_64