CRAN Package Check Results for Package lsbs

Last updated on 2020-12-31 00:46:47 CET.

Flavor Version Tinstall Tcheck Ttotal Status Flags
r-devel-linux-x86_64-debian-clang 0.1 2.19 33.10 35.29 OK
r-devel-linux-x86_64-debian-gcc 0.1 1.73 25.55 27.28 OK
r-devel-linux-x86_64-fedora-clang 0.1 53.37 NOTE
r-devel-linux-x86_64-fedora-gcc 0.1 42.55 NOTE
r-devel-windows-ix86+x86_64 0.1 5.00 50.00 55.00 OK
r-patched-linux-x86_64 0.1 2.18 31.84 34.02 OK
r-patched-solaris-x86 0.1 93.60 NOTE
r-release-linux-x86_64 0.1 2.23 32.10 34.33 OK
r-release-macos-x86_64 0.1 NOTE
r-release-windows-ix86+x86_64 0.1 5.00 39.00 44.00 OK
r-oldrel-macos-x86_64 0.1 NOTE
r-oldrel-windows-ix86+x86_64 0.1 3.00 36.00 39.00 OK

Check Details

Version: 0.1
Check: dependencies in R code
Result: NOTE
    Namespace in Imports field not imported from: ‘Matrix’
     All declared Imports should be used.
Flavors: r-devel-linux-x86_64-fedora-clang, r-devel-linux-x86_64-fedora-gcc, r-patched-solaris-x86, r-release-macos-x86_64, r-oldrel-macos-x86_64