CRAN Package Check Results for Package lpme

Last updated on 2020-12-31 00:46:47 CET.

Flavor Version Tinstall Tcheck Ttotal Status Flags
r-devel-linux-x86_64-debian-clang 1.1.1 157.26 47.36 204.62 OK
r-devel-linux-x86_64-debian-gcc 1.1.1 102.91 35.07 137.98 OK
r-devel-linux-x86_64-fedora-clang 1.1.1 283.83 NOTE
r-devel-linux-x86_64-fedora-gcc 1.1.1 259.63 OK
r-devel-windows-ix86+x86_64 1.1.1 348.00 110.00 458.00 OK
r-patched-linux-x86_64 1.1.1 123.77 44.92 168.69 OK
r-patched-solaris-x86 1.1.1 232.50 OK
r-release-linux-x86_64 1.1.1 119.91 44.16 164.07 OK
r-release-macos-x86_64 1.1.1 NOTE
r-release-windows-ix86+x86_64 1.1.1 344.00 110.00 454.00 OK
r-oldrel-macos-x86_64 1.1.1 OK
r-oldrel-windows-ix86+x86_64 1.1.1 223.00 82.00 305.00 OK

Check Details

Version: 1.1.1
Check: installed package size
Result: NOTE
     installed size is 7.4Mb
     sub-directories of 1Mb or more:
     libs 7.2Mb
Flavors: r-devel-linux-x86_64-fedora-clang, r-release-macos-x86_64