CRAN Package Check Results for Package lowmemtkmeans

Last updated on 2020-12-31 00:46:47 CET.

Flavor Version Tinstall Tcheck Ttotal Status Flags
r-devel-linux-x86_64-debian-clang 0.1.2 37.02 27.79 64.81 OK
r-devel-linux-x86_64-debian-gcc 0.1.2 22.85 21.79 44.64 OK
r-devel-linux-x86_64-fedora-clang 0.1.2 95.83 NOTE
r-devel-linux-x86_64-fedora-gcc 0.1.2 79.41 NOTE
r-devel-windows-ix86+x86_64 0.1.2 79.00 68.00 147.00 OK
r-patched-linux-x86_64 0.1.2 30.09 26.61 56.70 OK
r-patched-solaris-x86 0.1.2 85.10 OK
r-release-linux-x86_64 0.1.2 28.47 26.53 55.00 OK
r-release-macos-x86_64 0.1.2 OK
r-release-windows-ix86+x86_64 0.1.2 79.00 69.00 148.00 OK
r-oldrel-macos-x86_64 0.1.2 OK
r-oldrel-windows-ix86+x86_64 0.1.2 54.00 45.00 99.00 OK

Check Details

Version: 0.1.2
Check: compiled code
Result: NOTE
    File ‘lowmemtkmeans/libs/lowmemtkmeans.so’:
     Found no calls to: ‘R_registerRoutines’, ‘R_useDynamicSymbols’
    
    It is good practice to register native routines and to disable symbol
    search.
    
    See ‘Writing portable packages’ in the ‘Writing R Extensions’ manual.
Flavors: r-devel-linux-x86_64-fedora-clang, r-devel-linux-x86_64-fedora-gcc