Last updated on 2020-12-31 00:46:47 CET.
Flavor | Version | Tinstall | Tcheck | Ttotal | Status | Flags |
---|---|---|---|---|---|---|
r-devel-linux-x86_64-debian-clang | 0.1.1 | 2.55 | 32.69 | 35.24 | OK | |
r-devel-linux-x86_64-debian-gcc | 0.1.1 | 1.78 | 25.67 | 27.45 | OK | |
r-devel-linux-x86_64-fedora-clang | 0.1.1 | 51.51 | NOTE | |||
r-devel-linux-x86_64-fedora-gcc | 0.1.1 | 41.44 | NOTE | |||
r-devel-windows-ix86+x86_64 | 0.1.1 | 6.00 | 48.00 | 54.00 | OK | |
r-patched-linux-x86_64 | 0.1.1 | 2.59 | 31.79 | 34.38 | OK | |
r-patched-solaris-x86 | 0.1.1 | 67.10 | NOTE | |||
r-release-linux-x86_64 | 0.1.1 | 2.41 | 31.90 | 34.31 | OK | |
r-release-macos-x86_64 | 0.1.1 | NOTE | ||||
r-release-windows-ix86+x86_64 | 0.1.1 | 5.00 | 36.00 | 41.00 | OK | |
r-oldrel-macos-x86_64 | 0.1.1 | NOTE | ||||
r-oldrel-windows-ix86+x86_64 | 0.1.1 | 3.00 | 40.00 | 43.00 | OK |
Version: 0.1.1
Check: data for non-ASCII characters
Result: NOTE
Note: found 994 marked Latin-1 strings
Flavors: r-devel-linux-x86_64-fedora-clang, r-devel-linux-x86_64-fedora-gcc, r-patched-solaris-x86, r-release-macos-x86_64, r-oldrel-macos-x86_64