CRAN Package Check Results for Package lmvar

Last updated on 2020-12-31 00:46:47 CET.

Flavor Version Tinstall Tcheck Ttotal Status Flags
r-devel-linux-x86_64-debian-clang 1.5.2 6.67 81.73 88.40 OK
r-devel-linux-x86_64-debian-gcc 1.5.2 4.71 61.77 66.48 OK
r-devel-linux-x86_64-fedora-clang 1.5.2 114.21 NOTE
r-devel-linux-x86_64-fedora-gcc 1.5.2 105.15 OK
r-devel-windows-ix86+x86_64 1.5.2 11.00 155.00 166.00 OK
r-patched-linux-x86_64 1.5.2 6.47 78.67 85.14 OK
r-patched-solaris-x86 1.5.2 284.30 OK
r-release-linux-x86_64 1.5.2 5.96 79.53 85.49 OK
r-release-macos-x86_64 1.5.2 OK
r-release-windows-ix86+x86_64 1.5.2 10.00 165.00 175.00 OK
r-oldrel-macos-x86_64 1.5.2 OK
r-oldrel-windows-ix86+x86_64 1.5.2 5.00 123.00 128.00 OK

Check Details

Version: 1.5.2
Check: package dependencies
Result: NOTE
    Suggests orphaned package: ‘plotly’
Flavor: r-devel-linux-x86_64-fedora-clang