Last updated on 2020-12-31 00:46:47 CET.
Flavor | Version | Tinstall | Tcheck | Ttotal | Status | Flags |
---|---|---|---|---|---|---|
r-devel-linux-x86_64-debian-clang | 0.0.5 | 4.64 | 46.28 | 50.92 | NOTE | |
r-devel-linux-x86_64-debian-gcc | 0.0.5 | 3.83 | 34.18 | 38.01 | NOTE | |
r-devel-linux-x86_64-fedora-clang | 0.0.5 | 68.14 | NOTE | |||
r-devel-linux-x86_64-fedora-gcc | 0.0.5 | 59.38 | NOTE | |||
r-devel-windows-ix86+x86_64 | 0.0.5 | 8.00 | 64.00 | 72.00 | NOTE | |
r-patched-linux-x86_64 | 0.0.5 | 5.08 | 43.33 | 48.41 | NOTE | |
r-patched-solaris-x86 | 0.0.5 | 85.90 | NOTE | |||
r-release-linux-x86_64 | 0.0.5 | 3.84 | 43.82 | 47.66 | NOTE | |
r-release-macos-x86_64 | 0.0.5 | NOTE | ||||
r-release-windows-ix86+x86_64 | 0.0.5 | 10.00 | 58.00 | 68.00 | NOTE | |
r-oldrel-macos-x86_64 | 0.0.5 | NOTE | ||||
r-oldrel-windows-ix86+x86_64 | 0.0.5 | 5.00 | 44.00 | 49.00 | NOTE |
Version: 0.0.5
Check: package dependencies
Result: NOTE
Package which this enhances but not available for checking: 'sl3'
Flavors: r-devel-linux-x86_64-debian-clang, r-devel-linux-x86_64-debian-gcc, r-devel-linux-x86_64-fedora-clang, r-devel-linux-x86_64-fedora-gcc, r-devel-windows-ix86+x86_64, r-patched-linux-x86_64, r-patched-solaris-x86, r-release-linux-x86_64, r-release-macos-x86_64, r-release-windows-ix86+x86_64, r-oldrel-macos-x86_64, r-oldrel-windows-ix86+x86_64
Version: 0.0.5
Check: dependencies in R code
Result: NOTE
Namespaces in Imports field not imported from:
‘R6’ ‘nnls’ ‘utils’
All declared Imports should be used.
Flavors: r-devel-linux-x86_64-fedora-clang, r-devel-linux-x86_64-fedora-gcc, r-patched-solaris-x86, r-release-macos-x86_64, r-oldrel-macos-x86_64