Last updated on 2020-12-31 00:46:47 CET.
Flavor | Version | Tinstall | Tcheck | Ttotal | Status | Flags |
---|---|---|---|---|---|---|
r-devel-linux-x86_64-debian-clang | 0.1.0 | 2.06 | 32.55 | 34.61 | OK | |
r-devel-linux-x86_64-debian-gcc | 0.1.0 | 1.49 | 24.52 | 26.01 | OK | |
r-devel-linux-x86_64-fedora-clang | 0.1.0 | 49.82 | NOTE | |||
r-devel-linux-x86_64-fedora-gcc | 0.1.0 | 39.95 | NOTE | |||
r-devel-windows-ix86+x86_64 | 0.1.0 | 5.00 | 49.00 | 54.00 | OK | |
r-patched-linux-x86_64 | 0.1.0 | 1.85 | 31.22 | 33.07 | OK | |
r-patched-solaris-x86 | 0.1.0 | 60.80 | NOTE | |||
r-release-linux-x86_64 | 0.1.0 | 1.87 | 31.08 | 32.95 | OK | |
r-release-macos-x86_64 | 0.1.0 | NOTE | ||||
r-release-windows-ix86+x86_64 | 0.1.0 | 5.00 | 39.00 | 44.00 | OK | |
r-oldrel-macos-x86_64 | 0.1.0 | NOTE | ||||
r-oldrel-windows-ix86+x86_64 | 0.1.0 | 3.00 | 39.00 | 42.00 | OK |
Version: 0.1.0
Check: dependencies in R code
Result: NOTE
Namespace in Imports field not imported from: ‘mnormt’
All declared Imports should be used.
Flavors: r-devel-linux-x86_64-fedora-clang, r-devel-linux-x86_64-fedora-gcc, r-patched-solaris-x86, r-release-macos-x86_64, r-oldrel-macos-x86_64