Last updated on 2020-12-31 00:46:47 CET.
Flavor | Version | Tinstall | Tcheck | Ttotal | Status | Flags |
---|---|---|---|---|---|---|
r-devel-linux-x86_64-debian-clang | 1.3.6 | 34.11 | 261.71 | 295.82 | OK | --no-vignettes |
r-devel-linux-x86_64-debian-gcc | 1.3.6 | 21.37 | 187.07 | 208.44 | OK | --no-vignettes |
r-devel-linux-x86_64-fedora-clang | 1.3.6 | 360.66 | OK | --no-vignettes | ||
r-devel-linux-x86_64-fedora-gcc | 1.3.6 | 348.55 | OK | --no-vignettes | ||
r-devel-windows-ix86+x86_64 | 1.3.6 | 68.00 | 678.00 | 746.00 | NOTE | |
r-patched-linux-x86_64 | 1.3.6 | 26.17 | 246.67 | 272.84 | OK | --no-vignettes |
r-patched-solaris-x86 | 1.3.6 | 629.30 | OK | |||
r-release-linux-x86_64 | 1.3.6 | 28.61 | 247.80 | 276.41 | OK | --no-vignettes |
r-release-macos-x86_64 | 1.3.6 | OK | ||||
r-release-windows-ix86+x86_64 | 1.3.6 | 72.00 | 605.00 | 677.00 | NOTE | |
r-oldrel-macos-x86_64 | 1.3.6 | OK | ||||
r-oldrel-windows-ix86+x86_64 | 1.3.6 | 41.00 | 445.00 | 486.00 | OK |
Version: 1.3.6
Check: installed package size
Result: NOTE
installed size is 5.3Mb
sub-directories of 1Mb or more:
doc 2.1Mb
libs 2.0Mb
Flavors: r-devel-windows-ix86+x86_64, r-release-windows-ix86+x86_64