Last updated on 2020-12-31 00:46:47 CET.
Flavor | Version | Tinstall | Tcheck | Ttotal | Status | Flags |
---|---|---|---|---|---|---|
r-devel-linux-x86_64-debian-clang | 1.1.1 | 197.80 | 65.42 | 263.22 | OK | |
r-devel-linux-x86_64-debian-gcc | 1.1.1 | 113.29 | 50.91 | 164.20 | OK | |
r-devel-linux-x86_64-fedora-clang | 1.1.1 | 410.38 | NOTE | |||
r-devel-linux-x86_64-fedora-gcc | 1.1.1 | 303.90 | OK | |||
r-devel-windows-ix86+x86_64 | 1.1.1 | 418.00 | 142.00 | 560.00 | OK | |
r-patched-linux-x86_64 | 1.1.1 | 129.81 | 62.21 | 192.02 | OK | |
r-patched-solaris-x86 | 1.1.1 | 293.00 | OK | |||
r-release-linux-x86_64 | 1.1.1 | 133.98 | 62.74 | 196.72 | OK | |
r-release-macos-x86_64 | 1.1.1 | OK | ||||
r-release-windows-ix86+x86_64 | 1.1.1 | 415.00 | 111.00 | 526.00 | OK | |
r-oldrel-macos-x86_64 | 1.1.1 | OK | ||||
r-oldrel-windows-ix86+x86_64 | 1.1.1 | 328.00 | 110.00 | 438.00 | OK |
Version: 1.1.1
Check: installed package size
Result: NOTE
installed size is 5.8Mb
sub-directories of 1Mb or more:
libs 5.3Mb
Flavor: r-devel-linux-x86_64-fedora-clang