CRAN Package Check Results for Package lgcp

Last updated on 2020-12-31 00:46:47 CET.

Flavor Version Tinstall Tcheck Ttotal Status Flags
r-devel-linux-x86_64-debian-clang 1.6 48.57 333.27 381.84 OK
r-devel-linux-x86_64-debian-gcc 1.6 34.83 247.34 282.17 OK
r-devel-linux-x86_64-fedora-clang 1.6 462.00 OK
r-devel-linux-x86_64-fedora-gcc 1.6 463.65 OK
r-devel-windows-ix86+x86_64 1.6 82.00 394.00 476.00 OK
r-patched-linux-x86_64 1.6 42.31 306.02 348.33 OK
r-patched-solaris-x86 1.6 606.20 OK
r-release-linux-x86_64 1.6 47.53 306.91 354.44 OK
r-release-macos-x86_64 1.6 ERROR
r-release-windows-ix86+x86_64 1.6 83.00 292.00 375.00 OK
r-oldrel-macos-x86_64 1.6 ERROR
r-oldrel-windows-ix86+x86_64 1.6 48.00 248.00 296.00 OK

Check Details

Version: 1.6
Check: package dependencies
Result: ERROR
    Package required but not available: ‘rpanel’
    
    See section ‘The DESCRIPTION file’ in the ‘Writing R Extensions’
    manual.
Flavors: r-release-macos-x86_64, r-oldrel-macos-x86_64