Last updated on 2020-12-31 00:46:47 CET.
Flavor | Version | Tinstall | Tcheck | Ttotal | Status | Flags |
---|---|---|---|---|---|---|
r-devel-linux-x86_64-debian-clang | 1.9.2 | 102.57 | 422.70 | 525.27 | OK | |
r-devel-linux-x86_64-debian-gcc | 1.9.2 | 100.24 | 289.03 | 389.27 | OK | |
r-devel-linux-x86_64-fedora-clang | 1.9.2 | 683.19 | OK | |||
r-devel-linux-x86_64-fedora-gcc | 1.9.2 | 682.35 | OK | |||
r-devel-windows-ix86+x86_64 | 1.9.2 | 248.00 | 562.00 | 810.00 | NOTE | |
r-patched-linux-x86_64 | 1.9.2 | 105.42 | 394.06 | 499.48 | OK | |
r-patched-solaris-x86 | 1.9.2 | 1080.50 | NOTE | |||
r-release-linux-x86_64 | 1.9.2 | 109.56 | 396.74 | 506.30 | OK | |
r-release-macos-x86_64 | 1.9.2 | OK | ||||
r-release-windows-ix86+x86_64 | 1.9.2 | 244.00 | 471.00 | 715.00 | NOTE | |
r-oldrel-macos-x86_64 | 1.9.2 | OK | ||||
r-oldrel-windows-ix86+x86_64 | 1.9.2 | 160.00 | 429.00 | 589.00 | OK |
Version: 1.9.2
Check: installed package size
Result: NOTE
installed size is 5.0Mb
sub-directories of 1Mb or more:
R 1.1Mb
libs 2.6Mb
Flavors: r-devel-windows-ix86+x86_64, r-patched-solaris-x86, r-release-windows-ix86+x86_64