Last updated on 2020-12-31 00:46:47 CET.
Flavor | Version | Tinstall | Tcheck | Ttotal | Status | Flags |
---|---|---|---|---|---|---|
r-devel-linux-x86_64-debian-clang | 1.1.1 | 8.11 | 69.81 | 77.92 | OK | |
r-devel-linux-x86_64-debian-gcc | 1.1.1 | 6.86 | 52.46 | 59.32 | OK | |
r-devel-linux-x86_64-fedora-clang | 1.1.1 | 102.04 | NOTE | |||
r-devel-linux-x86_64-fedora-gcc | 1.1.1 | 93.75 | OK | |||
r-devel-windows-ix86+x86_64 | 1.1.1 | 18.00 | 89.00 | 107.00 | OK | |
r-patched-linux-x86_64 | 1.1.1 | 9.43 | 64.38 | 73.81 | OK | |
r-patched-solaris-x86 | 1.1.1 | 126.70 | OK | |||
r-release-linux-x86_64 | 1.1.1 | 8.08 | 64.24 | 72.32 | OK | |
r-release-macos-x86_64 | 1.1.1 | OK | ||||
r-release-windows-ix86+x86_64 | 1.1.1 | 19.00 | 67.00 | 86.00 | OK | |
r-oldrel-macos-x86_64 | 1.1.1 | OK | ||||
r-oldrel-windows-ix86+x86_64 | 1.1.1 | 13.00 | 63.00 | 76.00 | OK |
Version: 1.1.1
Check: Rd cross-references
Result: NOTE
Undeclared package ‘gridExtra’ in Rd xrefs
Flavor: r-devel-linux-x86_64-fedora-clang