CRAN Package Check Results for Package lavaanPlot

Last updated on 2020-12-31 00:46:47 CET.

Flavor Version Tinstall Tcheck Ttotal Status Flags
r-devel-linux-x86_64-debian-clang 0.5.1 2.72 32.62 35.34 OK
r-devel-linux-x86_64-debian-gcc 0.5.1 2.53 25.25 27.78 OK
r-devel-linux-x86_64-fedora-clang 0.5.1 51.36 NOTE
r-devel-linux-x86_64-fedora-gcc 0.5.1 42.75 OK
r-devel-windows-ix86+x86_64 0.5.1 8.00 53.00 61.00 NOTE
r-patched-linux-x86_64 0.5.1 3.50 31.50 35.00 OK
r-patched-solaris-x86 0.5.1 64.50 WARN
r-release-linux-x86_64 0.5.1 3.09 30.88 33.97 OK
r-release-macos-x86_64 0.5.1 WARN
r-release-windows-ix86+x86_64 0.5.1 10.00 40.00 50.00 NOTE
r-oldrel-macos-x86_64 0.5.1 WARN
r-oldrel-windows-ix86+x86_64 0.5.1 5.00 36.00 41.00 NOTE

Check Details

Version: 0.5.1
Check: installed package size
Result: NOTE
     installed size is 5.1Mb
     sub-directories of 1Mb or more:
     doc 4.9Mb
Flavors: r-devel-linux-x86_64-fedora-clang, r-devel-windows-ix86+x86_64, r-patched-solaris-x86, r-release-macos-x86_64, r-release-windows-ix86+x86_64, r-oldrel-macos-x86_64, r-oldrel-windows-ix86+x86_64

Version: 0.5.1
Check: re-building of vignette outputs
Result: WARN
    Error(s) in re-building vignettes:
     ...
    --- re-building ‘Intro_to_lavaanPlot.Rmd’ using rmarkdown
    Warning in engine$weave(file, quiet = quiet, encoding = enc) :
     Pandoc (>= 1.12.3) and/or pandoc-citeproc not available. Falling back to R Markdown v1.
    Quitting from lines 41-42 (Intro_to_lavaanPlot.Rmd)
    Error: processing vignette 'Intro_to_lavaanPlot.Rmd' failed with diagnostics:
    there is no package called 'webshot'
    --- failed re-building ‘Intro_to_lavaanPlot.Rmd’
    
    SUMMARY: processing the following file failed:
     ‘Intro_to_lavaanPlot.Rmd’
    
    Error: Vignette re-building failed.
    Execution halted
Flavor: r-patched-solaris-x86

Version: 0.5.1
Check: re-building of vignette outputs
Result: WARN
    Error(s) in re-building vignettes:
     ...
    --- re-building ‘Intro_to_lavaanPlot.Rmd’ using rmarkdown
    Warning in engine$weave(file, quiet = quiet, encoding = enc) :
     Pandoc (>= 1.12.3) and/or pandoc-citeproc not available. Falling back to R Markdown v1.
    Quitting from lines 41-42 (Intro_to_lavaanPlot.Rmd)
    Error: processing vignette 'Intro_to_lavaanPlot.Rmd' failed with diagnostics:
    cannot open the connection
    --- failed re-building ‘Intro_to_lavaanPlot.Rmd’
    
    SUMMARY: processing the following file failed:
     ‘Intro_to_lavaanPlot.Rmd’
    
    Error: Vignette re-building failed.
    Execution halted
Flavors: r-release-macos-x86_64, r-oldrel-macos-x86_64