Last updated on 2020-12-31 00:46:47 CET.
Flavor | Version | Tinstall | Tcheck | Ttotal | Status | Flags |
---|---|---|---|---|---|---|
r-devel-linux-x86_64-debian-clang | 1.0.1 | 37.28 | 535.73 | 573.01 | OK | |
r-devel-linux-x86_64-debian-gcc | 1.0.1 | 28.44 | 350.89 | 379.33 | OK | |
r-devel-linux-x86_64-fedora-clang | 1.0.1 | 643.75 | OK | |||
r-devel-linux-x86_64-fedora-gcc | 1.0.1 | 612.39 | OK | |||
r-devel-windows-ix86+x86_64 | 1.0.1 | 61.00 | 521.00 | 582.00 | OK | |
r-patched-linux-x86_64 | 1.0.1 | 36.45 | 450.24 | 486.69 | OK | |
r-patched-solaris-x86 | 1.0.1 | 824.90 | OK | |||
r-release-linux-x86_64 | 1.0.1 | 34.52 | 448.85 | 483.37 | OK | |
r-release-macos-x86_64 | 1.0.1 | ERROR | ||||
r-release-windows-ix86+x86_64 | 1.0.1 | 61.00 | 441.00 | 502.00 | OK | |
r-oldrel-macos-x86_64 | 1.0.1 | ERROR | ||||
r-oldrel-windows-ix86+x86_64 | 1.0.1 | 35.00 | 353.00 | 388.00 | OK |
Version: 1.0.1
Check: package dependencies
Result: NOTE
Package suggested but not available for checking: ‘mixAK’
Flavors: r-release-macos-x86_64, r-oldrel-macos-x86_64
Version: 1.0.1
Check: Rd cross-references
Result: NOTE
Package unavailable to check Rd xrefs: ‘mixAK’
Flavors: r-release-macos-x86_64, r-oldrel-macos-x86_64
Version: 1.0.1
Check: examples
Result: ERROR
Running examples in ‘latrend-Ex.R’ failed
The error most likely occurred in:
> ### Name: lcMethodMixAK_GLMM
> ### Title: Specify a GLMM iwht a normal mixture in the random effects
> ### Aliases: lcMethodMixAK_GLMM
>
> ### ** Examples
>
> data(latrendData)
> method <- lcMethodMixAK_GLMM(fixed = Y ~ 1, random = ~ Time,
+ id = "Id", time = "Time", nClusters = 3)
Error in loadNamespace(name) : there is no package called ‘mixAK’
Calls: lcMethodMixAK_GLMM ... loadNamespace -> withRestarts -> withOneRestart -> doWithOneRestart
Execution halted
Flavors: r-release-macos-x86_64, r-oldrel-macos-x86_64
Version: 1.0.1
Check: whether package can be installed
Result: WARN
Found the following significant warnings:
Warning: 'rgl.init' failed, running with 'rgl.useNULL = TRUE'.
Flavor: r-oldrel-macos-x86_64