Last updated on 2020-12-31 00:46:47 CET.
Flavor | Version | Tinstall | Tcheck | Ttotal | Status | Flags |
---|---|---|---|---|---|---|
r-devel-linux-x86_64-debian-clang | 0.4.0 | 2.59 | 30.66 | 33.25 | NOTE | |
r-devel-linux-x86_64-debian-gcc | 0.4.0 | 1.98 | 23.56 | 25.54 | NOTE | |
r-devel-linux-x86_64-fedora-clang | 0.4.0 | 49.42 | OK | |||
r-devel-linux-x86_64-fedora-gcc | 0.4.0 | 40.07 | OK | |||
r-devel-windows-ix86+x86_64 | 0.4.0 | 5.00 | 55.00 | 60.00 | NOTE | |
r-patched-linux-x86_64 | 0.4.0 | 2.30 | 29.72 | 32.02 | NOTE | |
r-patched-solaris-x86 | 0.4.0 | 61.30 | OK | |||
r-release-linux-x86_64 | 0.4.0 | 2.41 | 29.36 | 31.77 | NOTE | |
r-release-macos-x86_64 | 0.4.0 | OK | ||||
r-release-windows-ix86+x86_64 | 0.4.0 | 5.00 | 38.00 | 43.00 | NOTE | |
r-oldrel-macos-x86_64 | 0.4.0 | OK | ||||
r-oldrel-windows-ix86+x86_64 | 0.4.0 | 3.00 | 37.00 | 40.00 | OK |
Version: 0.4.0
Check: package vignettes
Result: NOTE
Package vignette with placeholder title 'Vignette Title':
'using-latex2exp.Rmd'
Flavors: r-devel-linux-x86_64-debian-clang, r-devel-linux-x86_64-debian-gcc, r-devel-windows-ix86+x86_64, r-patched-linux-x86_64, r-release-linux-x86_64, r-release-windows-ix86+x86_64