Last updated on 2020-12-31 00:46:46 CET.
Flavor | Version | Tinstall | Tcheck | Ttotal | Status | Flags |
---|---|---|---|---|---|---|
r-devel-linux-x86_64-debian-clang | 1.2-21.1 | 5.56 | 37.20 | 42.76 | OK | |
r-devel-linux-x86_64-debian-gcc | 1.2-21.1 | 3.49 | 29.42 | 32.91 | OK | |
r-devel-linux-x86_64-fedora-clang | 1.2-21.1 | 61.39 | OK | |||
r-devel-linux-x86_64-fedora-gcc | 1.2-21.1 | 52.52 | OK | |||
r-devel-windows-ix86+x86_64 | 1.2-21.1 | 12.00 | 65.00 | 77.00 | OK | |
r-patched-linux-x86_64 | 1.2-21.1 | 4.56 | 36.47 | 41.03 | OK | |
r-patched-solaris-x86 | 1.2-21.1 | 73.30 | OK | |||
r-release-linux-x86_64 | 1.2-21.1 | 4.46 | 36.59 | 41.05 | OK | |
r-release-macos-x86_64 | 1.2-21.1 | OK | ||||
r-release-windows-ix86+x86_64 | 1.2-21.1 | 10.00 | 47.00 | 57.00 | OK | |
r-oldrel-macos-x86_64 | 1.2-21.1 | ERROR | ||||
r-oldrel-windows-ix86+x86_64 | 1.2-20 | 11.00 | 78.00 | 89.00 | OK |
Version: 1.2-21.1
Check: whether package can be installed
Result: ERROR
Installation failed.
Flavor: r-oldrel-macos-x86_64