CRAN Package Check Results for Package labdsv

Last updated on 2020-12-31 00:46:46 CET.

Flavor Version Tinstall Tcheck Ttotal Status Flags
r-devel-linux-x86_64-debian-clang 2.0-1 12.00 94.18 106.18 OK
r-devel-linux-x86_64-debian-gcc 2.0-1 9.73 70.80 80.53 OK
r-devel-linux-x86_64-fedora-clang 2.0-1 136.46 NOTE
r-devel-linux-x86_64-fedora-gcc 2.0-1 127.02 NOTE
r-devel-windows-ix86+x86_64 2.0-1 31.00 179.00 210.00 OK
r-patched-linux-x86_64 2.0-1 12.17 88.60 100.77 OK
r-patched-solaris-x86 2.0-1 177.90 OK
r-release-linux-x86_64 2.0-1 12.74 88.82 101.56 OK
r-release-macos-x86_64 2.0-1 OK
r-release-windows-ix86+x86_64 2.0-1 32.00 144.00 176.00 OK
r-oldrel-macos-x86_64 2.0-1 OK
r-oldrel-windows-ix86+x86_64 2.0-1 20.00 119.00 139.00 OK

Check Details

Version: 2.0-1
Check: Rd cross-references
Result: NOTE
    Undeclared package ‘fso’ in Rd xrefs
Flavor: r-devel-linux-x86_64-fedora-clang

Version: 2.0-1
Check: compiled code
Result: NOTE
    File ‘labdsv/libs/labdsv.so’:
     Found no calls to: ‘R_registerRoutines’, ‘R_useDynamicSymbols’
    
    It is good practice to register native routines and to disable symbol
    search.
    
    See ‘Writing portable packages’ in the ‘Writing R Extensions’ manual.
Flavors: r-devel-linux-x86_64-fedora-clang, r-devel-linux-x86_64-fedora-gcc