CRAN Package Check Results for Package kmcudaR

Last updated on 2020-12-31 00:46:46 CET.

Flavor Version Tinstall Tcheck Ttotal Status Flags
r-devel-linux-x86_64-debian-clang 1.1.0 2.47 26.16 28.63 OK --no-examples --no-tests --no-vignettes
r-devel-linux-x86_64-debian-gcc 1.1.0 1.92 20.30 22.22 OK --no-examples --no-tests --no-vignettes
r-patched-linux-x86_64 1.1.0 2.48 25.22 27.70 OK --no-examples --no-tests --no-vignettes
r-release-linux-x86_64 1.1.0 2.21 25.37 27.58 OK --no-examples --no-tests --no-vignettes
r-release-macos-x86_64 1.1.0 ERROR
r-oldrel-macos-x86_64 1.1.0 ERROR

Check Details

Version: 1.1.0
Check: whether package can be installed
Result: ERROR
    Installation failed.
Flavors: r-release-macos-x86_64, r-oldrel-macos-x86_64