CRAN Package Check Results for Package klic

Last updated on 2020-12-31 00:46:46 CET.

Flavor Version Tinstall Tcheck Ttotal Status Flags
r-devel-linux-x86_64-debian-clang 1.0.4 2.80 29.08 31.88 OK
r-devel-linux-x86_64-debian-gcc 1.0.4 2.54 22.19 24.73 OK
r-devel-linux-x86_64-fedora-clang 1.0.4 47.67 OK
r-devel-linux-x86_64-fedora-gcc 1.0.4 38.02 OK
r-devel-windows-ix86+x86_64 1.0.4 8.00 43.00 51.00 OK
r-patched-linux-x86_64 1.0.4 3.37 27.80 31.17 OK
r-patched-solaris-x86 1.0.4 59.60 NOTE
r-release-linux-x86_64 1.0.4 3.21 27.47 30.68 OK
r-release-macos-x86_64 1.0.4 OK
r-release-windows-ix86+x86_64 1.0.4 8.00 37.00 45.00 OK
r-oldrel-macos-x86_64 1.0.4 OK
r-oldrel-windows-ix86+x86_64 1.0.4 4.00 32.00 36.00 OK

Check Details

Version: 1.0.4
Check: package dependencies
Result: NOTE
    Package suggested but not available for checking: ‘Rmosek’
Flavor: r-patched-solaris-x86