Last updated on 2020-12-31 00:46:46 CET.
Flavor | Version | Tinstall | Tcheck | Ttotal | Status | Flags |
---|---|---|---|---|---|---|
r-devel-linux-x86_64-debian-clang | 0.6.0 | 3.27 | 40.70 | 43.97 | NOTE | |
r-devel-linux-x86_64-debian-gcc | 0.6.0 | 2.68 | 32.13 | 34.81 | NOTE | |
r-devel-linux-x86_64-fedora-clang | 0.6.0 | 62.98 | NOTE | |||
r-devel-linux-x86_64-fedora-gcc | 0.6.0 | 54.38 | NOTE | |||
r-devel-windows-ix86+x86_64 | 0.6.0 | 7.00 | 68.00 | 75.00 | NOTE | |
r-patched-linux-x86_64 | 0.6.0 | 3.02 | 39.12 | 42.14 | NOTE | |
r-patched-solaris-x86 | 0.6.0 | 76.60 | NOTE | |||
r-release-linux-x86_64 | 0.6.0 | 2.74 | 39.09 | 41.83 | NOTE | |
r-release-macos-x86_64 | 0.6.0 | NOTE | ||||
r-release-windows-ix86+x86_64 | 0.6.0 | 6.00 | 52.00 | 58.00 | NOTE | |
r-oldrel-macos-x86_64 | 0.6.0 | NOTE | ||||
r-oldrel-windows-ix86+x86_64 | 0.6.0 | 9.00 | 67.00 | 76.00 | NOTE |
Version: 0.6.0
Check: DESCRIPTION meta-information
Result: NOTE
Malformed Description field: should contain one or more complete sentences.
Flavors: r-devel-linux-x86_64-debian-clang, r-devel-linux-x86_64-debian-gcc, r-devel-linux-x86_64-fedora-clang, r-devel-linux-x86_64-fedora-gcc, r-devel-windows-ix86+x86_64, r-patched-linux-x86_64, r-patched-solaris-x86, r-release-linux-x86_64, r-release-macos-x86_64, r-release-windows-ix86+x86_64, r-oldrel-macos-x86_64, r-oldrel-windows-ix86+x86_64
Version: 0.6.0
Check: R code for possible problems
Result: NOTE
ikcirt.fun.mss.eta: no visible global function definition for 'var'
ikcirt.fun.mss.eta: no visible global function definition for 'pnorm'
ikcirt.fun.mss.lambda: no visible global function definition for 'var'
ikcirt.fun.mss.lambda: no visible global function definition for
'pnorm'
ikcirt.fun.mss.mu: no visible global function definition for 'pnorm'
kcirt.fitEE: no visible binding for global variable 'sd'
kcirt.fitEE: no visible global function definition for 'var'
kcirt.fitEE: no visible global function definition for 'cor'
kcirt.fitMSS: no visible global function definition for 'var'
kcirt.fitMSS: no visible global function definition for 'pnorm'
kcirt.fitMSS: no visible global function definition for 'sfInit'
kcirt.fitMSS: no visible global function definition for 'sfExport'
kcirt.fitMSS: no visible global function definition for 'rnorm'
kcirt.fitMSS: no visible global function definition for
'txtProgressBar'
kcirt.fitMSS: no visible global function definition for 'sfIsRunning'
kcirt.fitMSS: no visible global function definition for 'sfStop'
kcirt.fitMSS: no visible global function definition for 'cor'
Undefined global functions or variables:
cor pnorm rnorm sd sfExport sfInit sfIsRunning sfStop txtProgressBar
var
Consider adding
importFrom("stats", "cor", "pnorm", "rnorm", "sd", "var")
importFrom("utils", "txtProgressBar")
to your NAMESPACE file.
Flavors: r-devel-linux-x86_64-debian-clang, r-devel-linux-x86_64-debian-gcc, r-devel-linux-x86_64-fedora-clang, r-devel-linux-x86_64-fedora-gcc, r-devel-windows-ix86+x86_64, r-patched-linux-x86_64, r-patched-solaris-x86, r-release-linux-x86_64, r-release-macos-x86_64, r-release-windows-ix86+x86_64, r-oldrel-macos-x86_64, r-oldrel-windows-ix86+x86_64