Last updated on 2020-12-31 00:46:46 CET.
Flavor | Version | Tinstall | Tcheck | Ttotal | Status | Flags |
---|---|---|---|---|---|---|
r-devel-linux-x86_64-debian-clang | 1.4 | 23.20 | 199.73 | 222.93 | OK | |
r-devel-linux-x86_64-debian-gcc | 1.4 | 18.99 | 151.00 | 169.99 | OK | |
r-devel-linux-x86_64-fedora-clang | 1.4 | 272.96 | OK | |||
r-devel-linux-x86_64-fedora-gcc | 1.4 | 264.72 | OK | |||
r-devel-windows-ix86+x86_64 | 1.4 | 54.00 | 228.00 | 282.00 | OK | |
r-patched-linux-x86_64 | 1.4 | 22.15 | 188.80 | 210.95 | OK | |
r-patched-solaris-x86 | 1.4 | 379.00 | OK | |||
r-release-linux-x86_64 | 1.4 | 21.52 | 187.58 | 209.10 | OK | |
r-release-macos-x86_64 | 1.4 | ERROR | ||||
r-release-windows-ix86+x86_64 | 1.4 | 55.00 | 175.00 | 230.00 | OK | |
r-oldrel-macos-x86_64 | 1.4 | OK | ||||
r-oldrel-windows-ix86+x86_64 | 1.4 | 30.00 | 150.00 | 180.00 | OK |
Version: 1.4
Check: package dependencies
Result: ERROR
Package required but not available: ‘KEGGgraph’
See section ‘The DESCRIPTION file’ in the ‘Writing R Extensions’
manual.
Flavor: r-release-macos-x86_64