Last updated on 2020-12-31 00:46:46 CET.
Flavor | Version | Tinstall | Tcheck | Ttotal | Status | Flags |
---|---|---|---|---|---|---|
r-devel-linux-x86_64-debian-clang | 0.1.0 | 3.21 | 34.73 | 37.94 | OK | |
r-devel-linux-x86_64-debian-gcc | 0.1.0 | 2.26 | 26.79 | 29.05 | OK | |
r-devel-linux-x86_64-fedora-clang | 0.1.0 | 53.98 | NOTE | |||
r-devel-linux-x86_64-fedora-gcc | 0.1.0 | 45.27 | OK | |||
r-devel-windows-ix86+x86_64 | 0.1.0 | 7.00 | 56.00 | 63.00 | OK | |
r-patched-linux-x86_64 | 0.1.0 | 2.76 | 33.87 | 36.63 | OK | |
r-patched-solaris-x86 | 0.1.0 | 66.80 | OK | |||
r-release-linux-x86_64 | 0.1.0 | 2.98 | 34.01 | 36.99 | OK | |
r-release-macos-x86_64 | 0.1.0 | OK | ||||
r-release-windows-ix86+x86_64 | 0.1.0 | 8.00 | 41.00 | 49.00 | OK | |
r-oldrel-macos-x86_64 | 0.1.0 | OK | ||||
r-oldrel-windows-ix86+x86_64 | 0.1.0 | 5.00 | 39.00 | 44.00 | OK |
Version: 0.1.0
Check: Rd cross-references
Result: NOTE
Undeclared package ‘ggplot2’ in Rd xrefs
Flavor: r-devel-linux-x86_64-fedora-clang