CRAN Package Check Results for Package jackalope

Last updated on 2020-12-31 00:46:46 CET.

Flavor Version Tinstall Tcheck Ttotal Status Flags
r-devel-linux-x86_64-debian-clang 1.1.1 330.96 48.90 379.86 NOTE
r-devel-linux-x86_64-debian-gcc 1.1.1 216.17 37.91 254.08 NOTE
r-devel-linux-x86_64-fedora-clang 1.1.1 527.12 NOTE
r-devel-linux-x86_64-fedora-gcc 1.1.1 482.57 NOTE
r-devel-windows-ix86+x86_64 1.1.1 728.00 124.00 852.00 NOTE
r-patched-linux-x86_64 1.1.1 255.23 47.29 302.52 NOTE
r-patched-solaris-x86 1.1.1 377.50 NOTE
r-release-linux-x86_64 1.1.1 253.03 47.62 300.65 NOTE
r-release-macos-x86_64 1.1.1 NOTE
r-release-windows-ix86+x86_64 1.1.1 734.00 131.00 865.00 NOTE
r-oldrel-macos-x86_64 1.1.1 NOTE
r-oldrel-windows-ix86+x86_64 1.1.1 480.00 94.00 574.00 NOTE

Check Details

Version: 1.1.1
Check: for GNU extensions in Makefiles
Result: NOTE
    GNU make is a SystemRequirements.
Flavors: r-devel-linux-x86_64-debian-clang, r-devel-linux-x86_64-debian-gcc, r-devel-linux-x86_64-fedora-clang, r-devel-linux-x86_64-fedora-gcc, r-devel-windows-ix86+x86_64, r-patched-linux-x86_64, r-patched-solaris-x86, r-release-linux-x86_64, r-release-macos-x86_64, r-release-windows-ix86+x86_64, r-oldrel-macos-x86_64, r-oldrel-windows-ix86+x86_64

Version: 1.1.1
Check: installed package size
Result: NOTE
     installed size is 22.2Mb
     sub-directories of 1Mb or more:
     art_profiles 1.5Mb
     libs 19.9Mb
Flavors: r-devel-linux-x86_64-fedora-clang, r-devel-windows-ix86+x86_64, r-release-macos-x86_64, r-release-windows-ix86+x86_64, r-oldrel-macos-x86_64, r-oldrel-windows-ix86+x86_64