CRAN Package Check Results for Package ivdesign

Last updated on 2020-12-31 00:46:46 CET.

Flavor Version Tinstall Tcheck Ttotal Status Flags
r-devel-linux-x86_64-debian-clang 0.1.0 2.27 24.20 26.47 NOTE
r-devel-linux-x86_64-debian-gcc 0.1.0 1.60 19.14 20.74 NOTE
r-devel-linux-x86_64-fedora-clang 0.1.0 42.19 NOTE
r-devel-linux-x86_64-fedora-gcc 0.1.0 31.50 NOTE
r-devel-windows-ix86+x86_64 0.1.0 7.00 40.00 47.00 NOTE
r-patched-linux-x86_64 0.1.0 2.06 23.44 25.50 NOTE
r-patched-solaris-x86 0.1.0 46.60 NOTE
r-release-linux-x86_64 0.1.0 1.89 23.53 25.42 NOTE
r-release-macos-x86_64 0.1.0 NOTE
r-release-windows-ix86+x86_64 0.1.0 5.00 32.00 37.00 NOTE
r-oldrel-macos-x86_64 0.1.0 NOTE
r-oldrel-windows-ix86+x86_64 0.1.0 4.00 27.00 31.00 NOTE

Check Details

Version: 0.1.0
Check: package dependencies
Result: NOTE
    Package suggested but not available for checking: 'gurobi'
Flavors: r-devel-linux-x86_64-debian-clang, r-devel-linux-x86_64-debian-gcc, r-devel-linux-x86_64-fedora-clang, r-devel-linux-x86_64-fedora-gcc, r-devel-windows-ix86+x86_64, r-patched-linux-x86_64, r-patched-solaris-x86, r-release-linux-x86_64, r-release-macos-x86_64, r-release-windows-ix86+x86_64, r-oldrel-macos-x86_64, r-oldrel-windows-ix86+x86_64