CRAN Package Check Results for Package irt

Last updated on 2020-12-31 00:46:46 CET.

Flavor Version Tinstall Tcheck Ttotal Status Flags
r-devel-linux-x86_64-debian-clang 0.1.3 137.71 91.37 229.08 OK
r-devel-linux-x86_64-debian-gcc 0.1.3 97.19 67.20 164.39 OK
r-devel-linux-x86_64-fedora-clang 0.1.3 319.66 NOTE
r-devel-linux-x86_64-fedora-gcc 0.1.3 289.88 OK
r-devel-windows-ix86+x86_64 0.1.3 297.00 172.00 469.00 OK
r-patched-linux-x86_64 0.1.3 115.46 83.82 199.28 OK
r-patched-solaris-x86 0.1.3 284.40 OK
r-release-linux-x86_64 0.1.3 114.20 84.74 198.94 OK
r-release-macos-x86_64 0.1.3 NOTE
r-release-windows-ix86+x86_64 0.1.3 303.00 174.00 477.00 OK
r-oldrel-macos-x86_64 0.1.3 NOTE
r-oldrel-windows-ix86+x86_64 0.1.3 218.00 127.00 345.00 OK

Check Details

Version: 0.1.3
Check: installed package size
Result: NOTE
     installed size is 9.2Mb
     sub-directories of 1Mb or more:
     libs 8.4Mb
Flavors: r-devel-linux-x86_64-fedora-clang, r-release-macos-x86_64, r-oldrel-macos-x86_64