CRAN Package Check Results for Package interval

Last updated on 2020-12-31 00:46:46 CET.

Flavor Version Tinstall Tcheck Ttotal Status Flags
r-devel-linux-x86_64-debian-clang 1.1-0.7 10.53 89.56 100.09 OK
r-devel-linux-x86_64-debian-gcc 1.1-0.7 7.37 68.83 76.20 OK
r-devel-linux-x86_64-fedora-clang 1.1-0.7 129.40 OK
r-devel-linux-x86_64-fedora-gcc 1.1-0.7 119.52 OK
r-devel-windows-ix86+x86_64 1.1-0.7 19.00 118.00 137.00 OK
r-patched-linux-x86_64 1.1-0.7 10.33 84.22 94.55 OK
r-patched-solaris-x86 1.1-0.7 166.30 OK
r-release-linux-x86_64 1.1-0.7 10.41 84.18 94.59 WARN
r-release-macos-x86_64 1.1-0.7 OK
r-release-windows-ix86+x86_64 1.1-0.7 20.00 90.00 110.00 OK
r-oldrel-macos-x86_64 1.1-0.7 NOTE
r-oldrel-windows-ix86+x86_64 1.1-0.7 11.00 78.00 89.00 NOTE

Check Details

Version: 1.1-0.7
Check: re-building of vignette outputs
Result: WARN
    Error(s) in re-building vignettes:
     ...
    --- re-building ‘intervalCensoring.Rnw’ using Sweave
    Loading required package: survival
    Loading required package: perm
    Loading required package: Icens
    Loading required package: MLEcens
    Depends on Icens package available on bioconductor.
    To install use for example:
    install.packages('BiocManager')
    BiocManager::install('Icens')
    Error: processing vignette 'intervalCensoring.Rnw' failed with diagnostics:
    Running ‘texi2dvi’ on ‘intervalCensoring.tex’ failed.
    LaTeX errors:
    ! Undefined control sequence.
    <recently read> \Hy@colorlink
    
    l.93 \begin{document}
    
    ! Undefined control sequence.
    \close@pdflink ->\Hy@endcolorlink
     \Hy@VerboseLinkStop \pdfendlink
    l.93 \begin{document}
    
    ! Undefined control sequence.
    <recently read> \Hy@colorlink
    
    l.93 \begin{document}
    
    ! Undefined control sequence.
    \close@pdflink ->\Hy@endcolorlink
     \Hy@VerboseLinkStop \pdfendlink
    l.93 \begin{document}
    
    --- failed re-building ‘intervalCensoring.Rnw’
    
    SUMMARY: processing the following file failed:
     ‘intervalCensoring.Rnw’
    
    Error: Vignette re-building failed.
    Execution halted
Flavor: r-release-linux-x86_64

Version: 1.1-0.7
Check: R code for possible problems
Result: NOTE
    plot.icfit: no visible global function definition for ‘plot’
    Undefined global functions or variables:
     plot
    Consider adding
     importFrom("graphics", "plot")
    to your NAMESPACE file.
Flavors: r-oldrel-macos-x86_64, r-oldrel-windows-ix86+x86_64