CRAN Package Check Results for Package interp

Last updated on 2020-12-31 00:46:46 CET.

Flavor Version Tinstall Tcheck Ttotal Status Flags
r-devel-linux-x86_64-debian-clang 1.0-33 108.56 39.52 148.08 OK
r-devel-linux-x86_64-debian-gcc 1.0-33 83.40 32.43 115.83 OK
r-devel-linux-x86_64-fedora-clang 1.0-33 218.95 NOTE
r-devel-linux-x86_64-fedora-gcc 1.0-33 204.39 OK
r-devel-windows-ix86+x86_64 1.0-33 234.00 101.00 335.00 OK
r-patched-linux-x86_64 1.0-33 98.22 40.69 138.91 OK
r-patched-solaris-x86 1.0-33 175.70 OK
r-release-linux-x86_64 1.0-33 97.25 40.83 138.08 OK
r-release-macos-x86_64 1.0-33 NOTE
r-release-windows-ix86+x86_64 1.0-33 230.00 104.00 334.00 OK
r-oldrel-macos-x86_64 1.0-33 NOTE
r-oldrel-windows-ix86+x86_64 1.0-33 145.00 68.00 213.00 OK

Check Details

Version: 1.0-33
Check: installed package size
Result: NOTE
     installed size is 27.2Mb
     sub-directories of 1Mb or more:
     libs 26.9Mb
Flavors: r-devel-linux-x86_64-fedora-clang, r-release-macos-x86_64, r-oldrel-macos-x86_64

Version: 1.0-33
Check: Rd cross-references
Result: NOTE
    Undeclared packages ‘RcppEigen’, ‘tripack’ in Rd xrefs
Flavor: r-devel-linux-x86_64-fedora-clang